CRAN Package Check Results for Package bqror

Last updated on 2022-11-26 05:51:45 CET.

Flavor Version Tinstall Tcheck Ttotal Status Flags
r-devel-linux-x86_64-debian-clang 1.4.0 8.83 200.65 209.48 OK
r-devel-linux-x86_64-debian-gcc 1.4.0 6.26 133.24 139.50 OK
r-devel-linux-x86_64-fedora-clang 1.4.0 267.73 NOTE
r-devel-linux-x86_64-fedora-gcc 1.4.0 257.28 NOTE
r-devel-windows-x86_64 1.4.0 27.00 203.00 230.00 OK
r-patched-linux-x86_64 1.4.0 OK
r-release-linux-x86_64 1.4.0 6.97 186.46 193.43 OK
r-release-macos-arm64 1.4.0 55.00 NOTE
r-release-macos-x86_64 1.4.0 74.00 NOTE
r-release-windows-x86_64 1.4.0 20.00 208.00 228.00 OK
r-oldrel-macos-arm64 1.4.0 57.00 NOTE
r-oldrel-macos-x86_64 1.4.0 73.00 NOTE
r-oldrel-windows-ix86+x86_64 1.4.0 21.00 227.00 248.00 OK

Check Details

Version: 1.4.0
Check: dependencies in R code
Result: NOTE
    Namespace in Imports field not imported from: ‘graphics’
     All declared Imports should be used.
Flavors: r-devel-linux-x86_64-fedora-clang, r-devel-linux-x86_64-fedora-gcc, r-release-macos-arm64, r-release-macos-x86_64, r-oldrel-macos-arm64, r-oldrel-macos-x86_64