CRAN Package Check Results for Package bootCT

Last updated on 2022-10-06 06:49:29 CEST.

Flavor Version Tinstall Tcheck Ttotal Status Flags
r-devel-linux-x86_64-debian-clang 1.1.1 38.86 65.18 104.04 OK
r-devel-linux-x86_64-debian-gcc 1.1.1 30.27 47.69 77.96 OK
r-devel-linux-x86_64-fedora-clang 1.1.1 146.76 NOTE
r-devel-linux-x86_64-fedora-gcc 1.1.1 145.20 NOTE
r-devel-windows-x86_64 1.1.1 37.00 110.00 147.00 OK
r-patched-linux-x86_64 1.1.1 32.64 59.25 91.89 OK
r-release-linux-x86_64 1.1.1 35.39 59.82 95.21 OK
r-release-macos-arm64 1.1.1 39.00 NOTE
r-release-macos-x86_64 1.1.1 48.00 NOTE
r-release-windows-x86_64 1.1.1 35.00 109.00 144.00 OK
r-oldrel-macos-arm64 1.1.1 43.00 NOTE
r-oldrel-macos-x86_64 1.1.1 51.00 NOTE
r-oldrel-windows-ix86+x86_64 1.1.1 96.00 115.00 211.00 OK

Check Details

Version: 1.1.1
Check: dependencies in R code
Result: NOTE
    Namespace in Imports field not imported from: ‘usethis’
     All declared Imports should be used.
Flavors: r-devel-linux-x86_64-fedora-clang, r-devel-linux-x86_64-fedora-gcc, r-release-macos-arm64, r-release-macos-x86_64, r-oldrel-macos-arm64, r-oldrel-macos-x86_64