CRAN Package Check Results for Package bootCT

Last updated on 2023-09-25 01:03:30 CEST.

Flavor Version Tinstall Tcheck Ttotal Status Flags
r-devel-linux-x86_64-debian-clang 1.1.1 40.33 57.87 98.20 NOTE
r-devel-linux-x86_64-debian-gcc 1.1.1 27.09 43.08 70.17 NOTE
r-devel-linux-x86_64-fedora-clang 1.1.1 133.65 NOTE
r-devel-linux-x86_64-fedora-gcc 1.1.1 128.22 NOTE
r-devel-windows-x86_64 1.1.1 34.00 79.00 113.00 NOTE
r-patched-linux-x86_64 1.1.1 29.78 54.89 84.67 NOTE
r-release-linux-x86_64 1.1.1 31.93 56.39 88.32 NOTE
r-release-macos-arm64 1.1.1 43.00 NOTE
r-release-macos-x86_64 1.1.1 56.00 NOTE
r-release-windows-x86_64 1.1.1 45.00 91.00 136.00 NOTE
r-oldrel-macos-arm64 1.1.1 39.00 NOTE
r-oldrel-macos-x86_64 1.1.1 48.00 NOTE
r-oldrel-windows-x86_64 1.1.1 42.00 90.00 132.00 OK

Check Details

Version: 1.1.1
Check: C++ specification
Result: NOTE
     Specified C++11: please drop specification unless essential
Flavors: r-devel-linux-x86_64-debian-clang, r-devel-linux-x86_64-debian-gcc, r-devel-linux-x86_64-fedora-clang, r-devel-linux-x86_64-fedora-gcc, r-devel-windows-x86_64, r-patched-linux-x86_64, r-release-linux-x86_64, r-release-macos-arm64, r-release-macos-x86_64, r-release-windows-x86_64

Version: 1.1.1
Check: dependencies in R code
Result: NOTE
    Namespace in Imports field not imported from: ‘usethis’
     All declared Imports should be used.
Flavors: r-devel-linux-x86_64-fedora-clang, r-devel-linux-x86_64-fedora-gcc, r-oldrel-macos-arm64, r-oldrel-macos-x86_64