CRAN Package Check Results for Package boilerpipeR

Last updated on 2021-08-04 13:52:49 CEST.

Flavor Version Tinstall Tcheck Ttotal Status Flags
r-devel-linux-x86_64-debian-clang 1.3.2 3.92 51.79 55.71 OK
r-devel-linux-x86_64-debian-gcc 1.3.2 2.86 41.84 44.70 OK
r-devel-linux-x86_64-fedora-clang 1.3.2 74.02 OK
r-devel-linux-x86_64-fedora-gcc 1.3.2 63.54 OK
r-devel-windows-x86_64 1.3.2 5.00 68.00 73.00 OK
r-devel-windows-x86_64-gcc10-UCRT 1.3.2 OK
r-patched-linux-x86_64 1.3.2 3.57 50.35 53.92 OK
r-patched-solaris-x86 1.3.2 87.80 OK
r-release-linux-x86_64 1.3.2 2.97 50.78 53.75 OK
r-release-macos-arm64 1.3.2 ERROR
r-release-macos-x86_64 1.3.2 OK
r-release-windows-ix86+x86_64 1.3.2 8.00 48.00 56.00 OK
r-oldrel-macos-x86_64 1.3.2 OK
r-oldrel-windows-ix86+x86_64 1.3.2 8.00 56.00 64.00 OK

Check Details

Version: 1.3.2
Check: whether package can be installed
Result: ERROR
    Installation failed.
Flavor: r-release-macos-arm64