Last updated on 2023-09-29 18:54:30 CEST.
Flavor | Version | Tinstall | Tcheck | Ttotal | Status | Flags |
---|---|---|---|---|---|---|
r-devel-linux-x86_64-debian-clang | 0.1.6 | 4.89 | 47.31 | 52.20 | NOTE | |
r-devel-linux-x86_64-debian-gcc | 0.1.6 | 3.92 | 36.92 | 40.84 | NOTE | |
r-devel-linux-x86_64-fedora-clang | 0.1.6 | 62.92 | NOTE | |||
r-devel-linux-x86_64-fedora-gcc | 0.1.6 | 62.15 | NOTE | |||
r-devel-windows-x86_64 | 0.1.6 | 6.00 | 58.00 | 64.00 | NOTE | |
r-patched-linux-x86_64 | 0.1.6 | 3.07 | 46.40 | 49.47 | NOTE | |
r-release-linux-x86_64 | 0.1.6 | 2.86 | 45.78 | 48.64 | NOTE | |
r-release-macos-arm64 | 0.1.6 | 25.00 | NOTE | |||
r-release-macos-x86_64 | 0.1.6 | 40.00 | NOTE | |||
r-release-windows-x86_64 | 0.1.6 | 9.00 | 63.00 | 72.00 | NOTE | |
r-oldrel-macos-arm64 | 0.1.6 | 25.00 | NOTE | |||
r-oldrel-macos-x86_64 | 0.1.6 | 41.00 | NOTE | |||
r-oldrel-windows-x86_64 | 0.1.6 | 7.00 | 68.00 | 75.00 | NOTE |
Version: 0.1.6
Check: LazyData
Result: NOTE
'LazyData' is specified without a 'data' directory
Flavors: r-devel-linux-x86_64-debian-clang, r-devel-linux-x86_64-debian-gcc, r-devel-linux-x86_64-fedora-clang, r-devel-linux-x86_64-fedora-gcc, r-devel-windows-x86_64, r-patched-linux-x86_64, r-release-linux-x86_64, r-release-macos-arm64, r-release-macos-x86_64, r-release-windows-x86_64, r-oldrel-macos-arm64, r-oldrel-macos-x86_64, r-oldrel-windows-x86_64
Version: 0.1.6
Check: dependencies in R code
Result: NOTE
Namespaces in Imports field not imported from:
‘caret’ ‘e1071’
All declared Imports should be used.
Flavors: r-devel-linux-x86_64-fedora-clang, r-devel-linux-x86_64-fedora-gcc, r-oldrel-macos-arm64, r-oldrel-macos-x86_64