Last updated on 2023-10-03 13:07:27 CEST.
Flavor | Version | Tinstall | Tcheck | Ttotal | Status | Flags |
---|---|---|---|---|---|---|
r-devel-linux-x86_64-debian-clang | 0.4.1 | 607.73 | 902.05 | 1509.78 | NOTE | |
r-devel-linux-x86_64-debian-gcc | 0.4.1 | 467.11 | 694.04 | 1161.15 | NOTE | |
r-devel-linux-x86_64-fedora-clang | 0.4.1 | 1939.03 | NOTE | |||
r-devel-linux-x86_64-fedora-gcc | 0.4.1 | 2158.76 | NOTE | |||
r-devel-windows-x86_64 | 0.4.1 | 386.00 | 682.00 | 1068.00 | NOTE | |
r-patched-linux-x86_64 | 0.4.1 | 495.28 | 891.88 | 1387.16 | NOTE | |
r-release-linux-x86_64 | 0.4.1 | 606.57 | 892.05 | 1498.62 | NOTE | |
r-release-macos-arm64 | 0.4.1 | 425.00 | NOTE | |||
r-release-macos-x86_64 | 0.4.1 | 608.00 | NOTE | |||
r-release-windows-x86_64 | 0.4.1 | 436.00 | 860.00 | 1296.00 | NOTE | |
r-oldrel-macos-arm64 | 0.4.1 | 314.00 | NOTE | |||
r-oldrel-macos-x86_64 | 0.4.1 | 437.00 | NOTE | |||
r-oldrel-windows-x86_64 | 0.4.1 | 392.00 | 814.00 | 1206.00 | NOTE |
Version: 0.4.1
Check: package dependencies
Result: NOTE
Package suggested but not available for checking: ‘INLA’
Flavors: r-devel-linux-x86_64-debian-clang, r-devel-linux-x86_64-debian-gcc, r-devel-windows-x86_64, r-patched-linux-x86_64, r-release-linux-x86_64, r-release-macos-arm64, r-release-macos-x86_64, r-release-windows-x86_64, r-oldrel-macos-arm64, r-oldrel-macos-x86_64, r-oldrel-windows-x86_64
Version: 0.4.1
Check: for GNU extensions in Makefiles
Result: NOTE
GNU make is a SystemRequirements.
Flavors: r-devel-linux-x86_64-debian-clang, r-devel-linux-x86_64-debian-gcc, r-devel-linux-x86_64-fedora-clang, r-devel-linux-x86_64-fedora-gcc, r-devel-windows-x86_64, r-patched-linux-x86_64, r-release-linux-x86_64, r-release-macos-arm64, r-release-macos-x86_64, r-release-windows-x86_64, r-oldrel-macos-arm64, r-oldrel-macos-x86_64, r-oldrel-windows-x86_64
Version: 0.4.1
Check: installed package size
Result: NOTE
installed size is 13.0Mb
sub-directories of 1Mb or more:
doc 4.6Mb
libs 5.7Mb
Flavors: r-devel-linux-x86_64-fedora-clang, r-devel-windows-x86_64, r-release-macos-arm64, r-release-macos-x86_64, r-release-windows-x86_64, r-oldrel-macos-arm64, r-oldrel-macos-x86_64, r-oldrel-windows-x86_64
Version: 0.4.1
Check: dependencies in R code
Result: NOTE
Namespace in Imports field not imported from: ‘rstantools’
All declared Imports should be used.
Flavors: r-devel-linux-x86_64-fedora-clang, r-devel-linux-x86_64-fedora-gcc