CRAN Package Check Results for Package bmotif

Last updated on 2021-11-26 19:52:45 CET.

Flavor Version Tinstall Tcheck Ttotal Status Flags
r-devel-linux-x86_64-debian-clang 2.0.2 69.56 183.75 253.31 NOTE
r-devel-linux-x86_64-debian-gcc 2.0.2 51.71 132.63 184.34 NOTE
r-devel-linux-x86_64-fedora-clang 2.0.2 343.87 NOTE
r-devel-linux-x86_64-fedora-gcc 2.0.2 314.21 NOTE
r-devel-windows-x86_64-new-UL 2.0.2 96.00 241.00 337.00 NOTE
r-devel-windows-x86_64-new-TK 2.0.2 NOTE
r-devel-windows-x86_64-old 2.0.2 71.00 223.00 294.00 NOTE
r-patched-linux-x86_64 2.0.2 65.22 176.74 241.96 NOTE
r-patched-solaris-x86 2.0.2 409.20 NOTE
r-release-linux-x86_64 2.0.2 NOTE
r-release-macos-arm64 2.0.2 NOTE
r-release-macos-x86_64 2.0.2 NOTE
r-release-windows-ix86+x86_64 2.0.2 168.00 388.00 556.00 NOTE
r-oldrel-macos-x86_64 2.0.2 OK
r-oldrel-windows-ix86+x86_64 2.0.2 130.00 385.00 515.00 OK

Check Details

Version: 2.0.2
Check: LazyData
Result: NOTE
     'LazyData' is specified without a 'data' directory
Flavors: r-devel-linux-x86_64-debian-clang, r-devel-linux-x86_64-debian-gcc, r-devel-linux-x86_64-fedora-clang, r-devel-linux-x86_64-fedora-gcc, r-devel-windows-x86_64-new-UL, r-devel-windows-x86_64-new-TK, r-devel-windows-x86_64-old, r-patched-linux-x86_64, r-patched-solaris-x86, r-release-linux-x86_64, r-release-macos-arm64, r-release-macos-x86_64, r-release-windows-ix86+x86_64

Version: 2.0.2
Check: installed package size
Result: NOTE
     installed size is 5.7Mb
     sub-directories of 1Mb or more:
     libs 3.4Mb
Flavors: r-devel-linux-x86_64-fedora-clang, r-release-macos-arm64