CRAN Package Check Results for Package bmlm

Last updated on 2022-09-26 21:52:53 CEST.

Flavor Version Tinstall Tcheck Ttotal Status Flags
r-devel-linux-x86_64-debian-clang 1.3.12 252.25 109.10 361.35 NOTE
r-devel-linux-x86_64-debian-gcc 1.3.12 224.42 91.61 316.03 NOTE
r-devel-linux-x86_64-fedora-clang 1.3.12 439.16 NOTE
r-devel-linux-x86_64-fedora-gcc 1.3.12 516.25 NOTE
r-devel-windows-x86_64 1.3.12 162.00 170.00 332.00 NOTE
r-patched-linux-x86_64 1.3.12 165.75 113.29 279.04 NOTE
r-release-linux-x86_64 1.3.12 168.66 115.74 284.40 NOTE
r-release-macos-arm64 1.3.12 134.00 NOTE
r-release-macos-x86_64 1.3.12 208.00 NOTE
r-release-windows-x86_64 1.3.12 337.00 173.00 510.00 NOTE
r-oldrel-macos-arm64 1.3.12 138.00 NOTE
r-oldrel-macos-x86_64 1.3.12 162.00 NOTE
r-oldrel-windows-ix86+x86_64 1.3.12 277.00 147.00 424.00 NOTE

Check Details

Version: 1.3.12
Check: for GNU extensions in Makefiles
Result: NOTE
    GNU make is a SystemRequirements.
Flavors: r-devel-linux-x86_64-debian-clang, r-devel-linux-x86_64-debian-gcc, r-devel-linux-x86_64-fedora-clang, r-devel-linux-x86_64-fedora-gcc, r-devel-windows-x86_64, r-patched-linux-x86_64, r-release-linux-x86_64, r-release-macos-arm64, r-release-macos-x86_64, r-release-windows-x86_64, r-oldrel-macos-arm64, r-oldrel-macos-x86_64, r-oldrel-windows-ix86+x86_64

Version: 1.3.12
Check: dependencies in R code
Result: NOTE
    Namespaces in Imports field not imported from:
     ‘RcppParallel’ ‘rstantools’
     All declared Imports should be used.
Flavors: r-devel-linux-x86_64-fedora-clang, r-devel-linux-x86_64-fedora-gcc, r-release-macos-arm64, r-release-macos-x86_64, r-oldrel-macos-arm64, r-oldrel-macos-x86_64

Version: 1.3.12
Check: installed package size
Result: NOTE
     installed size is 45.5Mb
     sub-directories of 1Mb or more:
     libs 45.1Mb
Flavors: r-release-macos-arm64, r-release-macos-x86_64, r-oldrel-macos-arm64, r-oldrel-macos-x86_64