CRAN Package Check Results for Package bmabasket

Last updated on 2024-02-28 12:54:52 CET.

Flavor Version Tinstall Tcheck Ttotal Status Flags
r-devel-linux-x86_64-debian-clang 0.1.2 53.15 32.38 85.53 NOTE
r-devel-linux-x86_64-debian-gcc 0.1.2 39.50 24.31 63.81 NOTE
r-devel-linux-x86_64-fedora-clang 0.1.2 120.08 NOTE
r-devel-linux-x86_64-fedora-gcc 0.1.2 122.34 NOTE
r-devel-windows-x86_64 0.1.2 38.00 69.00 107.00 NOTE
r-patched-linux-x86_64 0.1.2 56.16 32.49 88.65 NOTE
r-release-linux-x86_64 0.1.2 50.47 31.53 82.00 NOTE
r-release-macos-arm64 0.1.2 32.00 NOTE
r-release-macos-x86_64 0.1.2 54.00 NOTE
r-release-windows-x86_64 0.1.2 51.00 77.00 128.00 NOTE
r-oldrel-macos-arm64 0.1.2 35.00 OK
r-oldrel-windows-x86_64 0.1.2 51.00 74.00 125.00 OK

Check Details

Version: 0.1.2
Check: C++ specification
Result: NOTE Specified C++11: please drop specification unless essential Flavors: r-devel-linux-x86_64-debian-clang, r-devel-linux-x86_64-debian-gcc, r-devel-linux-x86_64-fedora-clang, r-devel-linux-x86_64-fedora-gcc, r-devel-windows-x86_64, r-patched-linux-x86_64, r-release-linux-x86_64, r-release-macos-arm64, r-release-macos-x86_64, r-release-windows-x86_64