CRAN Package Check Results for Package blogdown

Last updated on 2024-06-13 00:55:08 CEST.

Flavor Version Tinstall Tcheck Ttotal Status Flags
r-devel-linux-x86_64-debian-clang 1.19 6.97 42.98 49.95 OK
r-devel-linux-x86_64-debian-gcc 1.19 4.88 32.32 37.20 NOTE
r-devel-linux-x86_64-fedora-clang 1.19 61.44 OK
r-devel-linux-x86_64-fedora-gcc 1.19 57.91 OK
r-devel-windows-x86_64 1.19 6.00 52.00 58.00 OK
r-patched-linux-x86_64 1.19 10.89 41.52 52.41 OK
r-release-linux-x86_64 1.19 4.40 41.84 46.24 OK
r-release-macos-arm64 1.19 21.00 OK
r-release-macos-x86_64 1.19 32.00 OK
r-release-windows-x86_64 1.19 7.00 53.00 60.00 OK
r-oldrel-macos-arm64 1.19 27.00 OK
r-oldrel-macos-x86_64 1.19 38.00 OK
r-oldrel-windows-x86_64 1.19 8.00 57.00 65.00 OK

Check Details

Version: 1.19
Check: package dependencies
Result: NOTE Package suggested but not available for checking: ‘stringr’ Flavor: r-devel-linux-x86_64-debian-gcc