CRAN Package Check Results for Package blogdown

Last updated on 2021-06-24 01:50:15 CEST.

Flavor Version Tinstall Tcheck Ttotal Status Flags
r-devel-linux-x86_64-debian-clang 1.3 5.00 37.87 42.87 OK
r-devel-linux-x86_64-debian-gcc 1.3 4.33 28.73 33.06 OK
r-devel-linux-x86_64-fedora-clang 1.3 61.08 OK
r-devel-linux-x86_64-fedora-gcc 1.3 51.14 OK
r-devel-windows-x86_64 1.3 9.00 51.00 60.00 OK
r-devel-windows-x86_64-gcc10-UCRT 1.3 NOTE
r-patched-linux-x86_64 1.3 9.32 36.45 45.77 OK
r-patched-solaris-x86 1.3 68.70 OK
r-release-linux-x86_64 1.3 5.36 36.59 41.95 OK
r-release-macos-arm64 1.3 OK
r-release-macos-x86_64 1.3 OK
r-release-windows-ix86+x86_64 1.3 8.00 52.00 60.00 OK
r-oldrel-macos-x86_64 1.3 OK

Check Details

Version: 1.3
Check: package dependencies
Result: NOTE
    Package suggested but not available for checking: 'whoami'
Flavor: r-devel-windows-x86_64-gcc10-UCRT