CRAN Package Check Results for Package blockForest

Last updated on 2022-10-06 01:49:42 CEST.

Flavor Version Tinstall Tcheck Ttotal Status Flags
r-devel-linux-x86_64-debian-clang 0.2.4 104.29 115.23 219.52 WARN
r-devel-linux-x86_64-debian-gcc 0.2.4 82.57 87.97 170.54 OK
r-devel-linux-x86_64-fedora-clang 0.2.4 325.19 WARN
r-devel-linux-x86_64-fedora-gcc 0.2.4 289.35 OK
r-devel-windows-x86_64 0.2.4 110.00 162.00 272.00 OK
r-patched-linux-x86_64 0.2.4 89.40 109.27 198.67 OK
r-release-linux-x86_64 0.2.4 86.72 110.88 197.60 OK
r-release-macos-arm64 0.2.4 68.00 NOTE
r-release-macos-x86_64 0.2.4 94.00 NOTE
r-release-windows-x86_64 0.2.4 125.00 166.00 291.00 OK
r-oldrel-macos-arm64 0.2.4 81.00 NOTE
r-oldrel-macos-x86_64 0.2.4 130.00 NOTE
r-oldrel-windows-ix86+x86_64 0.2.4 243.00 227.00 470.00 OK

Additional issues

clang14

Check Details

Version: 0.2.4
Check: whether package can be installed
Result: WARN
    Found the following significant warnings:
     Forest.cpp:350:9: warning: use of bitwise '&' with boolean operands [-Wbitwise-instead-of-logical]
Flavors: r-devel-linux-x86_64-debian-clang, r-devel-linux-x86_64-fedora-clang

Version: 0.2.4
Check: installed package size
Result: NOTE
     installed size is 6.7Mb
     sub-directories of 1Mb or more:
     libs 6.4Mb
Flavors: r-release-macos-arm64, r-release-macos-x86_64, r-oldrel-macos-arm64, r-oldrel-macos-x86_64