CRAN Package Check Results for Package blockCV

Last updated on 2022-09-27 07:50:38 CEST.

Flavor Version Tinstall Tcheck Ttotal Status Flags
r-devel-linux-x86_64-debian-clang 2.1.4 30.10 403.34 433.44 OK
r-devel-linux-x86_64-debian-gcc 2.1.4 25.27 297.43 322.70 OK
r-devel-linux-x86_64-fedora-clang 2.1.4 538.20 NOTE
r-devel-linux-x86_64-fedora-gcc 2.1.4 525.41 OK
r-devel-windows-x86_64 2.1.4 37.00 404.00 441.00 NOTE
r-patched-linux-x86_64 2.1.4 32.37 383.60 415.97 OK
r-release-linux-x86_64 2.1.4 30.37 389.70 420.07 OK
r-release-macos-arm64 2.1.4 103.00 NOTE
r-release-macos-x86_64 2.1.4 165.00 NOTE
r-release-windows-x86_64 2.1.4 38.00 396.00 434.00 NOTE
r-oldrel-macos-arm64 2.1.4 109.00 NOTE
r-oldrel-macos-x86_64 2.1.4 96.00 NOTE
r-oldrel-windows-ix86+x86_64 2.1.4 72.00 410.00 482.00 NOTE

Check Details

Version: 2.1.4
Check: installed package size
Result: NOTE
     installed size is 8.7Mb
     sub-directories of 1Mb or more:
     extdata 7.8Mb
Flavors: r-devel-linux-x86_64-fedora-clang, r-devel-windows-x86_64, r-release-macos-arm64, r-release-macos-x86_64, r-release-windows-x86_64, r-oldrel-macos-arm64, r-oldrel-macos-x86_64, r-oldrel-windows-ix86+x86_64

Version: 2.1.4
Check: Rd cross-references
Result: NOTE
    Undeclared packages ‘biomod2’, ‘gstat’ in Rd xrefs
Flavor: r-devel-linux-x86_64-fedora-clang