CRAN Package Check Results for Package bliss

Last updated on 2022-09-24 21:50:58 CEST.

Flavor Version Tinstall Tcheck Ttotal Status Flags
r-devel-linux-x86_64-debian-clang 1.0.4 52.98 140.28 193.26 OK
r-devel-linux-x86_64-debian-gcc 1.0.4 38.62 104.12 142.74 OK
r-devel-linux-x86_64-fedora-clang 1.0.4 249.65 NOTE
r-devel-linux-x86_64-fedora-gcc 1.0.4 251.66 NOTE
r-devel-windows-x86_64 1.0.4 55.00 226.00 281.00 NOTE
r-patched-linux-x86_64 1.0.4 46.43 135.86 182.29 OK
r-release-linux-x86_64 1.0.4 44.07 140.06 184.13 OK
r-release-macos-arm64 1.0.4 90.00 NOTE
r-release-macos-x86_64 1.0.4 124.00 NOTE
r-release-windows-x86_64 1.0.4 52.00 228.00 280.00 NOTE
r-oldrel-macos-arm64 1.0.4 91.00 NOTE
r-oldrel-macos-x86_64 1.0.4 140.00 NOTE
r-oldrel-windows-ix86+x86_64 1.0.4 112.00 226.00 338.00 NOTE

Check Details

Version: 1.0.4
Check: installed package size
Result: NOTE
     installed size is 5.1Mb
     sub-directories of 1Mb or more:
     data 3.5Mb
Flavors: r-devel-linux-x86_64-fedora-clang, r-devel-windows-x86_64, r-release-macos-arm64, r-release-macos-x86_64, r-release-windows-x86_64, r-oldrel-macos-arm64, r-oldrel-macos-x86_64, r-oldrel-windows-ix86+x86_64

Version: 1.0.4
Check: dependencies in R code
Result: NOTE
    Namespace in Imports field not imported from: ‘RcppArmadillo’
     All declared Imports should be used.
Flavors: r-devel-linux-x86_64-fedora-clang, r-devel-linux-x86_64-fedora-gcc, r-release-macos-arm64, r-release-macos-x86_64, r-oldrel-macos-arm64, r-oldrel-macos-x86_64