CRAN Package Check Results for Package blender

Last updated on 2021-09-20 01:48:28 CEST.

Flavor Version Tinstall Tcheck Ttotal Status Flags
r-devel-linux-x86_64-debian-clang 0.1.2 8.25 71.38 79.63 OK
r-devel-linux-x86_64-debian-gcc 0.1.2 5.85 55.46 61.31 OK
r-devel-linux-x86_64-fedora-clang 0.1.2 102.31 OK
r-devel-linux-x86_64-fedora-gcc 0.1.2 91.23 OK
r-devel-windows-x86_64 0.1.2 7.00 69.00 76.00 OK
r-devel-windows-x86_64-gcc10-UCRT 0.1.2 ERROR
r-patched-linux-x86_64 0.1.2 8.10 68.53 76.63 OK
r-patched-solaris-x86 0.1.2 141.90 OK
r-release-linux-x86_64 0.1.2 6.55 67.95 74.50 OK
r-release-macos-arm64 0.1.2 OK
r-release-macos-x86_64 0.1.2 OK
r-release-windows-ix86+x86_64 0.1.2 17.00 73.00 90.00 OK
r-oldrel-macos-x86_64 0.1.2 OK
r-oldrel-windows-ix86+x86_64 0.1.2 17.00 69.00 86.00 OK

Check Details

Version: 0.1.2
Check: whether package can be installed
Result: WARN
    Found the following significant warnings:
     WARNING: installation-time patches will not be applied, could not get the patches index
Flavor: r-devel-windows-x86_64-gcc10-UCRT

Version: 0.1.2
Check: PDF version of manual
Result: WARN
    LaTeX errors when creating PDF version.
    This typically indicates Rd problems.
Flavor: r-devel-windows-x86_64-gcc10-UCRT

Version: 0.1.2
Check: PDF version of manual without hyperrefs or index
Result: ERROR
    Re-running with no redirection of stdout/stderr.
Flavor: r-devel-windows-x86_64-gcc10-UCRT