CRAN Package Check Results for Package blavaan

Last updated on 2021-09-24 01:49:59 CEST.

Flavor Version Tinstall Tcheck Ttotal Status Flags
r-devel-linux-x86_64-debian-clang 0.3-17 340.48 207.78 548.26 NOTE
r-devel-linux-x86_64-debian-gcc 0.3-17 222.82 157.64 380.46 NOTE
r-devel-linux-x86_64-fedora-clang 0.3-17 717.67 NOTE
r-devel-linux-x86_64-fedora-gcc 0.3-17 638.83 NOTE
r-devel-windows-x86_64 0.3-17 227.00 184.00 411.00 NOTE
r-devel-windows-x86_64-gcc10-UCRT 0.3-17 NOTE
r-patched-linux-x86_64 0.3-17 214.86 200.98 415.84 NOTE
r-patched-solaris-x86 0.3-17 684.40 NOTE
r-release-linux-x86_64 0.3-17 196.95 199.95 396.90 NOTE
r-release-macos-arm64 0.3-17 NOTE
r-release-macos-x86_64 0.3-17 NOTE
r-release-windows-ix86+x86_64 0.3-17 572.00 268.00 840.00 NOTE
r-oldrel-macos-x86_64 0.3-17 ERROR
r-oldrel-windows-ix86+x86_64 0.3-17 403.00 239.00 642.00 NOTE

Check Details

Version: 0.3-17
Check: for GNU extensions in Makefiles
Result: NOTE
    GNU make is a SystemRequirements.
Flavors: r-devel-linux-x86_64-debian-clang, r-devel-linux-x86_64-debian-gcc, r-devel-linux-x86_64-fedora-clang, r-devel-linux-x86_64-fedora-gcc, r-devel-windows-x86_64, r-devel-windows-x86_64-gcc10-UCRT, r-patched-linux-x86_64, r-patched-solaris-x86, r-release-linux-x86_64, r-release-macos-arm64, r-release-macos-x86_64, r-release-windows-ix86+x86_64, r-oldrel-windows-ix86+x86_64

Version: 0.3-17
Check: installed package size
Result: NOTE
     installed size is 58.5Mb
     sub-directories of 1Mb or more:
     libs 56.4Mb
Flavors: r-devel-linux-x86_64-fedora-clang, r-release-macos-arm64, r-release-macos-x86_64, r-release-windows-ix86+x86_64, r-oldrel-windows-ix86+x86_64

Version: 0.3-17
Check: line endings in C/C++/Fortran sources/headers
Result: NOTE
    Found the following sources/headers with CR or CRLF line endings:
     src/stan_files/stanmarg.hpp
    Some Unix compilers require LF line endings.
Flavor: r-devel-windows-x86_64-gcc10-UCRT

Version: 0.3-17
Check: package dependencies
Result: NOTE
    Packages suggested but not available for checking: 'runjags', 'rjags'
Flavor: r-release-macos-arm64

Version: 0.3-17
Check: package dependencies
Result: ERROR
    Package required and available but unsuitable version: ‘rstan’
    
    See section ‘The DESCRIPTION file’ in the ‘Writing R Extensions’
    manual.
Flavor: r-oldrel-macos-x86_64