CRAN Package Check Results for Package blandr

Last updated on 2024-02-29 00:55:35 CET.

Flavor Version Tinstall Tcheck Ttotal Status Flags
r-devel-linux-x86_64-debian-clang 0.5.1 15.73 63.81 79.54 OK
r-devel-linux-x86_64-debian-gcc 0.5.1 14.24 49.00 63.24 OK
r-devel-linux-x86_64-fedora-clang 0.5.1 104.22 NOTE
r-devel-linux-x86_64-fedora-gcc 0.5.1 122.55 NOTE
r-devel-windows-x86_64 0.5.1 16.00 71.00 87.00 OK
r-patched-linux-x86_64 0.5.1 21.59 61.53 83.12 OK
r-release-linux-x86_64 0.5.1 15.82 61.55 77.37 OK
r-release-macos-arm64 0.5.1 56.00 OK
r-release-macos-x86_64 0.5.1 80.00 OK
r-release-windows-x86_64 0.5.1 21.00 81.00 102.00 OK
r-oldrel-macos-arm64 0.5.1 48.00 NOTE
r-oldrel-windows-x86_64 0.5.1 22.00 83.00 105.00 OK

Check Details

Version: 0.5.1
Check: dependencies in R code
Result: NOTE Namespaces in Imports field not imported from: ‘R6’ ‘knitr’ All declared Imports should be used. Flavors: r-devel-linux-x86_64-fedora-clang, r-devel-linux-x86_64-fedora-gcc, r-oldrel-macos-arm64