CRAN Package Check Results for Package biosensors.usc

Last updated on 2024-02-29 00:55:34 CET.

Flavor Version Tinstall Tcheck Ttotal Status Flags
r-devel-linux-x86_64-debian-clang 1.0 47.45 121.20 168.65 OK
r-devel-linux-x86_64-debian-gcc 1.0 39.05 91.67 130.72 OK
r-devel-linux-x86_64-fedora-clang 1.0 212.15 NOTE
r-devel-linux-x86_64-fedora-gcc 1.0 222.69 NOTE
r-devel-windows-x86_64 1.0 41.00 122.00 163.00 NOTE
r-patched-linux-x86_64 1.0 47.53 117.23 164.76 OK
r-release-linux-x86_64 1.0 43.07 116.88 159.95 OK
r-release-macos-arm64 1.0 73.00 NOTE
r-release-macos-x86_64 1.0 118.00 NOTE
r-release-windows-x86_64 1.0 51.00 149.00 200.00 NOTE
r-oldrel-macos-arm64 1.0 67.00 NOTE
r-oldrel-windows-x86_64 1.0 49.00 154.00 203.00 NOTE

Additional issues

Intel

Check Details

Version: 1.0
Check: installed package size
Result: NOTE installed size is 5.7Mb sub-directories of 1Mb or more: extdata 4.8Mb Flavors: r-devel-linux-x86_64-fedora-clang, r-devel-windows-x86_64, r-release-macos-arm64, r-release-macos-x86_64, r-release-windows-x86_64, r-oldrel-macos-arm64, r-oldrel-windows-x86_64

Version: 1.0
Check: dependencies in R code
Result: NOTE Namespace in Imports field not imported from: ‘Rcpp’ All declared Imports should be used. Flavors: r-devel-linux-x86_64-fedora-clang, r-devel-linux-x86_64-fedora-gcc, r-oldrel-macos-arm64