CRAN Package Check Results for Package bioregion

Last updated on 2024-02-22 21:51:35 CET.

Flavor Version Tinstall Tcheck Ttotal Status Flags
r-devel-linux-x86_64-debian-clang 1.0.0 ERROR
r-devel-linux-x86_64-debian-gcc 1.0.0 33.26 181.70 214.96 ERROR
r-devel-linux-x86_64-fedora-clang 1.0.0 367.34 NOTE
r-devel-linux-x86_64-fedora-gcc 1.0.0 355.78 OK
r-devel-windows-x86_64 1.0.0 37.00 218.00 255.00 NOTE
r-patched-linux-x86_64 1.0.0 45.79 235.17 280.96 ERROR
r-release-linux-x86_64 1.0.0 44.09 241.69 285.78 OK
r-release-macos-arm64 1.0.0 110.00 OK
r-release-macos-x86_64 1.0.0 286.00 OK
r-release-windows-x86_64 1.0.0 48.00 266.00 314.00 NOTE
r-oldrel-macos-arm64 1.0.0 89.00 OK
r-oldrel-windows-x86_64 1.0.0 46.00 256.00 302.00 NOTE

Check Details

Version: 1.0.0
Check: re-building of vignette outputs
Result: ERROR Error(s) in re-building vignettes: ... --- re-building ‘a1_install_binary_files.Rmd’ using rmarkdown --- finished re-building ‘a1_install_binary_files.Rmd’ --- re-building ‘a2_matrix_and_network_formats.Rmd’ using rmarkdown Could not fetch http://www.zotero.org/styles/apa HttpExceptionRequest Request { host = "www.zotero.org" port = 80 secure = False requestHeaders = [] path = "/styles/apa" queryString = "" method = "GET" proxy = Nothing rawBody = False redirectCount = 10 responseTimeout = ResponseTimeoutDefault requestVersion = HTTP/1.1 proxySecureMode = ProxySecureWithConnect } (InternalException (HandshakeFailed (Error_Protocol "peer does not support Extended Main Secret" HandshakeFailure))) Error: processing vignette 'a2_matrix_and_network_formats.Rmd' failed with diagnostics: pandoc document conversion failed with error 61 --- failed re-building ‘a2_matrix_and_network_formats.Rmd’ --- re-building ‘bioregion.Rmd’ using rmarkdown Could not fetch http://www.zotero.org/styles/apa HttpExceptionRequest Request { host = "www.zotero.org" port = 80 secure = False requestHeaders = [] path = "/styles/apa" queryString = "" method = "GET" proxy = Nothing rawBody = False redirectCount = 10 responseTimeout = ResponseTimeoutDefault requestVersion = HTTP/1.1 proxySecureMode = ProxySecureWithConnect } (InternalException (HandshakeFailed (Error_Protocol "peer does not support Extended Main Secret" HandshakeFailure))) Error: processing vignette 'bioregion.Rmd' failed with diagnostics: pandoc document conversion failed with error 61 --- failed re-building ‘bioregion.Rmd’ SUMMARY: processing the following files failed: ‘a2_matrix_and_network_formats.Rmd’ ‘bioregion.Rmd’ Error: Vignette re-building failed. Execution halted Flavors: r-devel-linux-x86_64-debian-clang, r-devel-linux-x86_64-debian-gcc, r-patched-linux-x86_64

Version: 1.0.0
Check: Rd cross-references
Result: NOTE Undeclared package ‘vegan’ in Rd xrefs Flavor: r-devel-linux-x86_64-fedora-clang

Version: 1.0.0
Check: installed package size
Result: NOTE installed size is 5.1Mb sub-directories of 1Mb or more: data 1.7Mb doc 1.1Mb help 1.0Mb libs 1.0Mb Flavors: r-devel-windows-x86_64, r-release-windows-x86_64, r-oldrel-windows-x86_64