CRAN Package Check Results for Package biomartr

Last updated on 2021-08-05 07:49:15 CEST.

Flavor Version Tinstall Tcheck Ttotal Status Flags
r-devel-linux-x86_64-debian-clang 0.9.2 26.02 235.71 261.73 NOTE
r-devel-linux-x86_64-debian-gcc 0.9.2 24.37 173.19 197.56 NOTE
r-devel-linux-x86_64-fedora-clang 0.9.2 322.36 NOTE
r-devel-linux-x86_64-fedora-gcc 0.9.2 311.84 NOTE
r-devel-windows-x86_64 0.9.2 42.00 272.00 314.00 NOTE
r-devel-windows-x86_64-gcc10-UCRT 0.9.2 ERROR
r-patched-linux-x86_64 0.9.2 27.75 218.17 245.92 NOTE
r-patched-solaris-x86 0.9.2 413.70 NOTE
r-release-linux-x86_64 0.9.2 25.77 218.91 244.68 NOTE
r-release-macos-arm64 0.9.2 ERROR
r-release-macos-x86_64 0.9.2 NOTE
r-release-windows-ix86+x86_64 0.9.2 58.00 269.00 327.00 NOTE
r-oldrel-macos-x86_64 0.9.2 NOTE
r-oldrel-windows-ix86+x86_64 0.9.2 69.00 312.00 381.00 OK

Check Details

Version: 0.9.2
Check: LazyData
Result: NOTE
     'LazyData' is specified without a 'data' directory
Flavors: r-devel-linux-x86_64-debian-clang, r-devel-linux-x86_64-debian-gcc, r-devel-linux-x86_64-fedora-clang, r-devel-linux-x86_64-fedora-gcc, r-devel-windows-x86_64, r-patched-linux-x86_64, r-patched-solaris-x86, r-release-linux-x86_64, r-release-macos-x86_64, r-release-windows-ix86+x86_64

Version: 0.9.2
Check: dependencies in R code
Result: NOTE
    Namespace in Imports field not imported from: ‘fs’
     All declared Imports should be used.
Flavors: r-devel-linux-x86_64-fedora-clang, r-devel-linux-x86_64-fedora-gcc, r-patched-solaris-x86, r-release-macos-x86_64, r-oldrel-macos-x86_64

Version: 0.9.2
Check: package dependencies
Result: ERROR
    Packages required but not available:
     'biomaRt', 'tibble', 'dplyr', 'readr', 'philentropy'
    
    Packages suggested but not available for checking: 'devtools', 'testthat'
    
    See section 'The DESCRIPTION file' in the 'Writing R Extensions'
    manual.
Flavor: r-devel-windows-x86_64-gcc10-UCRT

Version: 0.9.2
Check: package dependencies
Result: ERROR
    Package required but not available: ‘biomaRt’
    
    See section ‘The DESCRIPTION file’ in the ‘Writing R Extensions’
    manual.
Flavor: r-release-macos-arm64