CRAN Package Check Results for Package biolink

Last updated on 2023-02-02 21:49:57 CET.

Flavor Version Tinstall Tcheck Ttotal Status Flags
r-devel-linux-x86_64-debian-clang 0.1.7 5.56 48.82 54.38 NOTE
r-devel-linux-x86_64-debian-gcc 0.1.7 4.33 37.00 41.33 NOTE
r-devel-linux-x86_64-fedora-clang 0.1.7 66.72 NOTE
r-devel-linux-x86_64-fedora-gcc 0.1.7 63.67 NOTE
r-patched-linux-x86_64 0.1.7 5.03 47.40 52.43 NOTE
r-release-linux-x86_64 0.1.7 4.23 47.79 52.02 NOTE
r-release-macos-arm64 0.1.7 23.00 NOTE
r-release-macos-x86_64 0.1.7 31.00 NOTE
r-release-windows-x86_64 0.1.7 16.00 81.00 97.00 NOTE
r-oldrel-macos-arm64 0.1.7 30.00 NOTE
r-oldrel-macos-x86_64 0.1.7 38.00 NOTE
r-oldrel-windows-ix86+x86_64 0.1.7 12.00 77.00 89.00 NOTE

Check Details

Version: 0.1.7
Check: LazyData
Result: NOTE
     'LazyData' is specified without a 'data' directory
Flavors: r-devel-linux-x86_64-debian-clang, r-devel-linux-x86_64-debian-gcc, r-devel-linux-x86_64-fedora-clang, r-devel-linux-x86_64-fedora-gcc, r-patched-linux-x86_64, r-release-linux-x86_64, r-release-macos-arm64, r-release-macos-x86_64, r-release-windows-x86_64, r-oldrel-macos-arm64, r-oldrel-macos-x86_64, r-oldrel-windows-ix86+x86_64