CRAN Package Check Results for Package biogram

Last updated on 2023-06-02 12:57:09 CEST.

Flavor Version Tinstall Tcheck Ttotal Status Flags
r-devel-linux-x86_64-debian-clang 1.6.3 3.97 76.29 80.26 OK
r-devel-linux-x86_64-debian-gcc 1.6.3 3.84 57.00 60.84 OK
r-devel-linux-x86_64-fedora-clang 1.6.3 102.13 NOTE
r-devel-linux-x86_64-fedora-gcc 1.6.3 114.11 OK
r-devel-windows-x86_64 1.6.3 5.00 87.00 92.00 OK
r-patched-linux-x86_64 1.6.3 OK
r-release-linux-x86_64 1.6.3 5.32 72.96 78.28 OK
r-release-macos-arm64 1.6.3 42.00 OK
r-release-macos-x86_64 1.6.3 65.00 OK
r-release-windows-x86_64 1.6.3 7.00 101.00 108.00 OK
r-oldrel-macos-arm64 1.6.3 59.00 OK
r-oldrel-macos-x86_64 1.6.3 48.00 OK
r-oldrel-windows-x86_64 1.6.3 7.00 90.00 97.00 OK

Check Details

Version: 1.6.3
Check: Rd cross-references
Result: NOTE
    Undeclared package ‘seqinr’ in Rd xrefs
Flavor: r-devel-linux-x86_64-fedora-clang