CRAN Package Check Results for Package bioRad

Last updated on 2021-06-23 13:51:40 CEST.

Flavor Version Tinstall Tcheck Ttotal Status Flags
r-devel-linux-x86_64-debian-clang 0.5.2 22.86 297.48 320.34 OK
r-devel-linux-x86_64-debian-gcc 0.5.2 19.79 218.90 238.69 OK
r-devel-linux-x86_64-fedora-clang 0.5.2 372.69 NOTE
r-devel-linux-x86_64-fedora-gcc 0.5.2 374.47 OK
r-devel-windows-x86_64 0.5.2 37.00 398.00 435.00 NOTE
r-devel-windows-x86_64-gcc10-UCRT 0.5.2 ERROR
r-patched-linux-x86_64 0.5.2 28.84 283.64 312.48 OK
r-patched-solaris-x86 0.5.2 560.70 NOTE
r-release-linux-x86_64 0.5.2 21.35 285.40 306.75 OK
r-release-macos-arm64 0.5.2 NOTE
r-release-macos-x86_64 0.5.2 NOTE
r-release-windows-ix86+x86_64 0.5.2 36.00 301.00 337.00 NOTE
r-oldrel-macos-x86_64 0.5.2 NOTE

Check Details

Version: 0.5.2
Check: installed package size
Result: NOTE
     installed size is 5.7Mb
     sub-directories of 1Mb or more:
     data 1.6Mb
     doc 1.2Mb
     extdata 1.7Mb
Flavors: r-devel-linux-x86_64-fedora-clang, r-devel-windows-x86_64, r-patched-solaris-x86, r-release-macos-arm64, r-release-macos-x86_64, r-release-windows-ix86+x86_64, r-oldrel-macos-x86_64

Version: 0.5.2
Check: package dependencies
Result: ERROR
    Packages required but not available: 'curl', 'ggmap', 'rhdf5'
    
    See section 'The DESCRIPTION file' in the 'Writing R Extensions'
    manual.
Flavor: r-devel-windows-x86_64-gcc10-UCRT