Last updated on 2023-03-31 06:49:38 CEST.
Flavor | Version | Tinstall | Tcheck | Ttotal | Status | Flags |
---|---|---|---|---|---|---|
r-devel-linux-x86_64-debian-clang | 1.2.4 | 91.20 | 182.39 | 273.59 | NOTE | |
r-devel-linux-x86_64-debian-gcc | 1.2.4 | 68.82 | 130.37 | 199.19 | NOTE | |
r-devel-linux-x86_64-fedora-clang | 1.2.4 | 354.44 | NOTE | |||
r-devel-linux-x86_64-fedora-gcc | 1.2.4 | 322.07 | NOTE | |||
r-devel-windows-x86_64 | 1.2.4 | 148.00 | 0.00 | 148.00 | NOTE | |
r-patched-linux-x86_64 | 1.2.4 | 70.42 | 171.87 | 242.29 | NOTE | |
r-release-linux-x86_64 | 1.2.4 | 81.39 | 164.48 | 245.87 | OK | |
r-release-macos-arm64 | 1.2.4 | 99.00 | NOTE | |||
r-release-macos-x86_64 | 1.2.4 | 99.00 | NOTE | |||
r-release-windows-x86_64 | 1.2.4 | 130.00 | 222.00 | 352.00 | OK | |
r-oldrel-macos-arm64 | 1.2.4 | 91.00 | NOTE | |||
r-oldrel-macos-x86_64 | 1.2.4 | 104.00 | NOTE | |||
r-oldrel-windows-ix86+x86_64 | 1.2.4 | 184.00 | 241.00 | 425.00 | OK |
Version: 1.2.4
Check: C++ specification
Result: NOTE
Specified C++11: please drop specification unless essential
Flavors: r-devel-linux-x86_64-debian-clang, r-devel-linux-x86_64-debian-gcc, r-devel-linux-x86_64-fedora-clang, r-devel-linux-x86_64-fedora-gcc, r-devel-windows-x86_64, r-patched-linux-x86_64
Version: 1.2.4
Check: installed package size
Result: NOTE
installed size is 5.9Mb
sub-directories of 1Mb or more:
libs 4.9Mb
Flavors: r-release-macos-arm64, r-release-macos-x86_64, r-oldrel-macos-arm64, r-oldrel-macos-x86_64