CRAN Package Check Results for Package bigrquery

Last updated on 2021-08-05 07:49:14 CEST.

Flavor Version Tinstall Tcheck Ttotal Status Flags
r-devel-linux-x86_64-debian-clang 1.3.2 33.46 72.14 105.60 NOTE
r-devel-linux-x86_64-debian-gcc 1.3.2 21.22 53.93 75.15 NOTE
r-devel-linux-x86_64-fedora-clang 1.3.2 142.40 NOTE
r-devel-linux-x86_64-fedora-gcc 1.3.2 120.34 NOTE
r-devel-windows-x86_64 1.3.2 43.00 102.00 145.00 NOTE
r-devel-windows-x86_64-gcc10-UCRT 1.3.2 ERROR
r-patched-linux-x86_64 1.3.2 29.74 67.42 97.16 NOTE
r-patched-solaris-x86 1.3.2 144.00 NOTE
r-release-linux-x86_64 1.3.2 28.65 66.64 95.29 NOTE
r-release-macos-arm64 1.3.2 NOTE
r-release-macos-x86_64 1.3.2 NOTE
r-release-windows-ix86+x86_64 1.3.2 75.00 133.00 208.00 NOTE
r-oldrel-macos-x86_64 1.3.2 OK
r-oldrel-windows-ix86+x86_64 1.3.2 86.00 140.00 226.00 OK

Check Details

Version: 1.3.2
Check: LazyData
Result: NOTE
     'LazyData' is specified without a 'data' directory
Flavors: r-devel-linux-x86_64-debian-clang, r-devel-linux-x86_64-debian-gcc, r-devel-linux-x86_64-fedora-clang, r-devel-linux-x86_64-fedora-gcc, r-devel-windows-x86_64, r-patched-linux-x86_64, r-patched-solaris-x86, r-release-linux-x86_64, r-release-macos-arm64, r-release-macos-x86_64, r-release-windows-ix86+x86_64

Version: 1.3.2
Check: package dependencies
Result: ERROR
    Packages required but not available: 'gargle', 'tibble'
    
    Packages suggested but not available for checking:
     'DBItest', 'dbplyr', 'dplyr', 'readr', 'testthat'
    
    See section 'The DESCRIPTION file' in the 'Writing R Extensions'
    manual.
Flavor: r-devel-windows-x86_64-gcc10-UCRT