CRAN Package Check Results for Package biglasso

Last updated on 2023-02-08 12:57:02 CET.

Flavor Version Tinstall Tcheck Ttotal Status Flags
r-devel-linux-x86_64-debian-clang 1.5.2 120.18 118.68 238.86 NOTE
r-devel-linux-x86_64-debian-gcc 1.5.2 89.49 90.16 179.65 NOTE
r-devel-linux-x86_64-fedora-clang 1.5.2 317.15 NOTE
r-devel-linux-x86_64-fedora-gcc 1.5.2 299.17 NOTE
r-devel-windows-x86_64 1.5.2 100.00 203.00 303.00 NOTE
r-patched-linux-x86_64 1.5.2 95.93 109.30 205.23 OK
r-release-linux-x86_64 1.5.2 103.49 113.04 216.53 OK
r-release-macos-arm64 1.5.2 82.00 NOTE
r-release-macos-x86_64 1.5.2 118.00 NOTE
r-release-windows-x86_64 1.5.2 174.00 210.00 384.00 OK
r-oldrel-macos-arm64 1.5.2 82.00 NOTE
r-oldrel-macos-x86_64 1.5.2 117.00 NOTE
r-oldrel-windows-ix86+x86_64 1.5.2 278.00 228.00 506.00 OK

Check Details

Version: 1.5.2
Check: C++ specification
Result: NOTE
     Specified C++11: please update to current default of C++17
Flavors: r-devel-linux-x86_64-debian-clang, r-devel-windows-x86_64

Version: 1.5.2
Check: C++ specification
Result: NOTE
     Specified C++11: please drop specification unless essential
Flavors: r-devel-linux-x86_64-debian-gcc, r-devel-linux-x86_64-fedora-clang, r-devel-linux-x86_64-fedora-gcc

Version: 1.5.2
Check: installed package size
Result: NOTE
     installed size is 5.3Mb
     sub-directories of 1Mb or more:
     libs 4.4Mb
Flavors: r-release-macos-arm64, r-release-macos-x86_64, r-oldrel-macos-arm64, r-oldrel-macos-x86_64