CRAN Package Check Results for Package bigQueryR

Last updated on 2022-10-02 06:52:05 CEST.

Flavor Version Tinstall Tcheck Ttotal Status Flags
r-devel-linux-x86_64-debian-clang 0.5.0 5.31 47.16 52.47 NOTE
r-devel-linux-x86_64-debian-gcc 0.5.0 4.64 36.73 41.37 NOTE
r-devel-linux-x86_64-fedora-clang 0.5.0 77.80 NOTE
r-devel-linux-x86_64-fedora-gcc 0.5.0 78.47 NOTE
r-devel-windows-x86_64 0.5.0 40.00 86.00 126.00 NOTE
r-patched-linux-x86_64 0.5.0 5.11 44.60 49.71 NOTE
r-release-linux-x86_64 0.5.0 5.59 45.45 51.04 NOTE
r-release-macos-arm64 0.5.0 26.00 NOTE
r-release-macos-x86_64 0.5.0 50.00 NOTE
r-release-windows-x86_64 0.5.0 40.00 76.00 116.00 NOTE
r-oldrel-macos-arm64 0.5.0 28.00 NOTE
r-oldrel-macos-x86_64 0.5.0 57.00 NOTE
r-oldrel-windows-ix86+x86_64 0.5.0 12.00 73.00 85.00 NOTE

Check Details

Version: 0.5.0
Check: LazyData
Result: NOTE
     'LazyData' is specified without a 'data' directory
Flavors: r-devel-linux-x86_64-debian-clang, r-devel-linux-x86_64-debian-gcc, r-devel-linux-x86_64-fedora-clang, r-devel-linux-x86_64-fedora-gcc, r-devel-windows-x86_64, r-patched-linux-x86_64, r-release-linux-x86_64, r-release-macos-arm64, r-release-macos-x86_64, r-release-windows-x86_64, r-oldrel-macos-arm64, r-oldrel-macos-x86_64, r-oldrel-windows-ix86+x86_64

Version: 0.5.0
Check: Rd cross-references
Result: NOTE
    Undeclared package ‘bigrquery’ in Rd xrefs
Flavor: r-devel-linux-x86_64-fedora-clang