CRAN Package Check Results for Package bigQueryR

Last updated on 2021-06-23 22:54:09 CEST.

Flavor Version Tinstall Tcheck Ttotal Status Flags
r-devel-linux-x86_64-debian-clang 0.5.0 4.98 41.49 46.47 NOTE
r-devel-linux-x86_64-debian-gcc 0.5.0 3.80 32.44 36.24 NOTE
r-devel-linux-x86_64-fedora-clang 0.5.0 64.66 NOTE
r-devel-linux-x86_64-fedora-gcc 0.5.0 54.92 NOTE
r-devel-windows-x86_64 0.5.0 8.00 56.00 64.00 NOTE
r-devel-windows-x86_64-gcc10-UCRT 0.5.0 ERROR
r-patched-linux-x86_64 0.5.0 4.80 39.96 44.76 NOTE
r-patched-solaris-x86 0.5.0 83.00 NOTE
r-release-linux-x86_64 0.5.0 4.08 39.84 43.92 NOTE
r-release-macos-arm64 0.5.0 NOTE
r-release-macos-x86_64 0.5.0 NOTE
r-release-windows-ix86+x86_64 0.5.0 8.00 43.00 51.00 NOTE
r-oldrel-macos-x86_64 0.5.0 OK

Check Details

Version: 0.5.0
Check: LazyData
Result: NOTE
     'LazyData' is specified without a 'data' directory
Flavors: r-devel-linux-x86_64-debian-clang, r-devel-linux-x86_64-debian-gcc, r-devel-linux-x86_64-fedora-clang, r-devel-linux-x86_64-fedora-gcc, r-devel-windows-x86_64, r-patched-linux-x86_64, r-patched-solaris-x86, r-release-linux-x86_64, r-release-macos-arm64, r-release-macos-x86_64, r-release-windows-ix86+x86_64

Version: 0.5.0
Check: Rd cross-references
Result: NOTE
    Undeclared package ‘bigrquery’ in Rd xrefs
Flavor: r-devel-linux-x86_64-fedora-clang

Version: 0.5.0
Check: package dependencies
Result: ERROR
    Packages required but not available:
     'googleAuthR', 'googleCloudStorageR', 'httr'
    
    See section 'The DESCRIPTION file' in the 'Writing R Extensions'
    manual.
Flavor: r-devel-windows-x86_64-gcc10-UCRT