CRAN Package Check Results for Package biblionetwork

Last updated on 2022-06-25 12:54:17 CEST.

Flavor Version Tinstall Tcheck Ttotal Status Flags
r-devel-linux-x86_64-debian-clang 0.1.0 2.47 44.83 47.30 OK
r-devel-linux-x86_64-debian-gcc 0.1.0 1.82 37.39 39.21 OK
r-devel-linux-x86_64-fedora-clang 0.1.0 63.93 NOTE
r-devel-linux-x86_64-fedora-gcc 0.1.0 61.87 NOTE
r-devel-windows-x86_64 0.1.0 29.00 72.00 101.00 OK
r-patched-linux-x86_64 0.1.0 3.79 41.21 45.00 OK
r-release-linux-x86_64 0.1.0 2.31 41.68 43.99 OK
r-release-macos-arm64 0.1.0 24.00 NOTE
r-release-macos-x86_64 0.1.0 30.00 NOTE
r-release-windows-x86_64 0.1.0 25.00 89.00 114.00 OK
r-oldrel-macos-arm64 0.1.0 25.00 NOTE
r-oldrel-macos-x86_64 0.1.0 38.00 NOTE
r-oldrel-windows-ix86+x86_64 0.1.0 7.00 61.00 68.00 OK

Check Details

Version: 0.1.0
Check: data for non-ASCII characters
Result: NOTE
     Note: found 99 marked UTF-8 strings
Flavors: r-devel-linux-x86_64-fedora-clang, r-devel-linux-x86_64-fedora-gcc, r-release-macos-arm64, r-release-macos-x86_64, r-oldrel-macos-arm64, r-oldrel-macos-x86_64