CRAN Package Check Results for Package bibliometrix

Last updated on 2021-06-21 22:56:51 CEST.

Flavor Version Tinstall Tcheck Ttotal Status Flags
r-devel-linux-x86_64-debian-clang 3.1.3 22.26 229.26 251.52 OK
r-devel-linux-x86_64-debian-gcc 3.1.3 19.11 171.61 190.72 OK
r-devel-linux-x86_64-fedora-clang 3.1.3 298.77 NOTE
r-devel-linux-x86_64-fedora-gcc 3.1.3 290.57 OK
r-devel-windows-x86_64 3.1.3 36.00 256.00 292.00 OK
r-devel-windows-x86_64-gcc10-UCRT 3.1.3 ERROR
r-patched-linux-x86_64 3.1.3 29.13 214.32 243.45 OK
r-patched-solaris-x86 3.1.3 420.40 OK
r-release-linux-x86_64 3.1.3 19.81 218.31 238.12 OK
r-release-macos-arm64 3.1.3 OK
r-release-macos-x86_64 3.1.3 OK
r-release-windows-ix86+x86_64 3.1.3 49.00 285.00 334.00 OK
r-oldrel-macos-x86_64 3.1.3 OK

Check Details

Version: 3.1.3
Check: package dependencies
Result: NOTE
    Imports includes 25 non-default packages.
    Importing from so many packages makes the package vulnerable to any of
    them becoming unavailable. Move as many as possible to Suggests and
    use conditionally.
Flavor: r-devel-linux-x86_64-fedora-clang

Version: 3.1.3
Check: package dependencies
Result: ERROR
    Packages required but not available:
     'dimensionsR', 'factoextra', 'FactoMineR', 'plotly', 'pubmedR',
     'rscopus'
    
    See section 'The DESCRIPTION file' in the 'Writing R Extensions'
    manual.
Flavor: r-devel-windows-x86_64-gcc10-UCRT