CRAN Package Check Results for Package bib2df

Last updated on 2022-05-17 06:53:03 CEST.

Flavor Version Tinstall Tcheck Ttotal Status Flags
r-devel-linux-x86_64-debian-clang 1.1.1 5.76 72.88 78.64 NOTE
r-devel-linux-x86_64-debian-gcc 1.1.1 5.01 53.36 58.37 NOTE
r-devel-linux-x86_64-fedora-clang 1.1.1 89.92 NOTE
r-devel-linux-x86_64-fedora-gcc 1.1.1 88.18 NOTE
r-devel-windows-x86_64 1.1.1 17.00 87.00 104.00 NOTE
r-patched-linux-x86_64 1.1.1 6.71 69.35 76.06 NOTE
r-release-linux-x86_64 1.1.1 5.27 65.72 70.99 NOTE
r-release-macos-arm64 1.1.1 34.00 NOTE
r-release-macos-x86_64 1.1.1 69.00 NOTE
r-release-windows-x86_64 1.1.1 15.00 90.00 105.00 NOTE
r-oldrel-macos-arm64 1.1.1 31.00 NOTE
r-oldrel-macos-x86_64 1.1.1 59.00 NOTE
r-oldrel-windows-ix86+x86_64 1.1.1 16.00 85.00 101.00 NOTE

Check Details

Version: 1.1.1
Check: LazyData
Result: NOTE
     'LazyData' is specified without a 'data' directory
Flavors: r-devel-linux-x86_64-debian-clang, r-devel-linux-x86_64-debian-gcc, r-devel-linux-x86_64-fedora-clang, r-devel-linux-x86_64-fedora-gcc, r-devel-windows-x86_64, r-patched-linux-x86_64, r-release-linux-x86_64, r-release-macos-arm64, r-release-macos-x86_64, r-release-windows-x86_64, r-oldrel-macos-arm64, r-oldrel-macos-x86_64, r-oldrel-windows-ix86+x86_64