CRAN Package Check Results for Package biClassify

Last updated on 2022-09-24 18:56:19 CEST.

Flavor Version Tinstall Tcheck Ttotal Status Flags
r-devel-linux-x86_64-debian-clang 1.3 32.86 83.54 116.40 OK
r-devel-linux-x86_64-debian-gcc 1.3 27.58 63.20 90.78 OK
r-devel-linux-x86_64-fedora-clang 1.3 164.16 NOTE
r-devel-linux-x86_64-fedora-gcc 1.3 169.49 NOTE
r-devel-windows-x86_64 1.3 44.00 153.00 197.00 OK
r-patched-linux-x86_64 1.3 30.35 80.85 111.20 OK
r-release-linux-x86_64 1.3 33.83 78.59 112.42 OK
r-release-macos-arm64 1.3 48.00 NOTE
r-release-macos-x86_64 1.3 82.00 NOTE
r-release-windows-x86_64 1.3 108.00 147.00 255.00 OK
r-oldrel-macos-arm64 1.3 45.00 NOTE
r-oldrel-macos-x86_64 1.3 119.00 NOTE
r-oldrel-windows-ix86+x86_64 1.3 91.00 181.00 272.00 OK

Check Details

Version: 1.3
Check: dependencies in R code
Result: NOTE
    Namespaces in Imports field not imported from:
     ‘DAAG’ ‘datasets’ ‘expm’ ‘mvtnorm’
     All declared Imports should be used.
Flavors: r-devel-linux-x86_64-fedora-clang, r-devel-linux-x86_64-fedora-gcc, r-release-macos-arm64, r-release-macos-x86_64, r-oldrel-macos-arm64, r-oldrel-macos-x86_64