Last updated on 2023-09-27 21:01:18 CEST.
Flavor | Version | Tinstall | Tcheck | Ttotal | Status | Flags |
---|---|---|---|---|---|---|
r-devel-linux-x86_64-debian-clang | 1.3 | 37.80 | 79.81 | 117.61 | NOTE | |
r-devel-linux-x86_64-debian-gcc | 1.3 | 25.87 | 61.18 | 87.05 | NOTE | |
r-devel-linux-x86_64-fedora-clang | 1.3 | 154.95 | NOTE | |||
r-devel-linux-x86_64-fedora-gcc | 1.3 | 166.93 | NOTE | |||
r-devel-windows-x86_64 | 1.3 | 32.00 | 118.00 | 150.00 | NOTE | |
r-patched-linux-x86_64 | 1.3 | 35.97 | 77.19 | 113.16 | NOTE | |
r-release-linux-x86_64 | 1.3 | 39.63 | 78.09 | 117.72 | NOTE | |
r-release-macos-arm64 | 1.3 | 55.00 | NOTE | |||
r-release-macos-x86_64 | 1.3 | 90.00 | NOTE | |||
r-release-windows-x86_64 | 1.3 | 37.00 | 121.00 | 158.00 | NOTE | |
r-oldrel-macos-arm64 | 1.3 | 48.00 | NOTE | |||
r-oldrel-macos-x86_64 | 1.3 | 82.00 | NOTE | |||
r-oldrel-windows-x86_64 | 1.3 | 39.00 | 114.00 | 153.00 | OK |
Version: 1.3
Check: C++ specification
Result: NOTE
Specified C++11: please drop specification unless essential
Flavors: r-devel-linux-x86_64-debian-clang, r-devel-linux-x86_64-debian-gcc, r-devel-linux-x86_64-fedora-clang, r-devel-linux-x86_64-fedora-gcc, r-devel-windows-x86_64, r-patched-linux-x86_64, r-release-linux-x86_64, r-release-macos-arm64, r-release-macos-x86_64, r-release-windows-x86_64
Version: 1.3
Check: dependencies in R code
Result: NOTE
Namespaces in Imports field not imported from:
‘DAAG’ ‘datasets’ ‘expm’ ‘mvtnorm’
All declared Imports should be used.
Flavors: r-devel-linux-x86_64-fedora-clang, r-devel-linux-x86_64-fedora-gcc, r-oldrel-macos-arm64, r-oldrel-macos-x86_64