CRAN Package Check Results for Package bgmm

Last updated on 2022-11-27 06:52:51 CET.

Flavor Version Tinstall Tcheck Ttotal Status Flags
r-devel-linux-x86_64-debian-clang 1.8.5 5.58 53.02 58.60 NOTE
r-devel-linux-x86_64-debian-gcc 1.8.5 3.79 39.90 43.69 NOTE
r-devel-linux-x86_64-fedora-clang 1.8.5 86.94 NOTE
r-devel-linux-x86_64-fedora-gcc 1.8.5 79.93 NOTE
r-devel-windows-x86_64 1.8.5 26.00 81.00 107.00 NOTE
r-patched-linux-x86_64 1.8.5 4.55 50.12 54.67 OK
r-release-linux-x86_64 1.8.5 4.06 50.33 54.39 OK
r-release-macos-arm64 1.8.5 25.00 OK
r-release-macos-x86_64 1.8.5 41.00 OK
r-release-windows-x86_64 1.8.5 59.00 87.00 146.00 OK
r-oldrel-macos-arm64 1.8.5 35.00 OK
r-oldrel-macos-x86_64 1.8.5 43.00 OK
r-oldrel-windows-ix86+x86_64 1.8.5 11.00 77.00 88.00 OK

Check Details

Version: 1.8.5
Check: Rd files
Result: NOTE
    checkRd: (-1) bgmm-package.Rd:23: Escaped LaTeX specials: \&
Flavors: r-devel-linux-x86_64-debian-clang, r-devel-linux-x86_64-debian-gcc, r-devel-linux-x86_64-fedora-clang, r-devel-linux-x86_64-fedora-gcc, r-devel-windows-x86_64