CRAN Package Check Results for Package bfsMaps

Last updated on 2021-06-20 13:48:48 CEST.

Flavor Version Tinstall Tcheck Ttotal Status Flags
r-devel-linux-x86_64-debian-clang 0.9.6 18.08 181.99 200.07 OK
r-devel-linux-x86_64-debian-gcc 0.9.6 14.22 135.54 149.76 OK
r-devel-linux-x86_64-fedora-clang 0.9.6 242.23 NOTE
r-devel-linux-x86_64-fedora-gcc 0.9.6 245.20 NOTE
r-devel-windows-x86_64 0.9.6 30.00 247.00 277.00 OK
r-devel-windows-x86_64-gcc10-UCRT 0.9.6 NOTE
r-patched-linux-x86_64 0.9.6 18.58 171.49 190.07 OK
r-patched-solaris-x86 0.9.6 334.80 NOTE
r-release-linux-x86_64 0.9.6 16.73 171.98 188.71 OK
r-release-macos-arm64 0.9.6 NOTE
r-release-macos-x86_64 0.9.6 NOTE
r-release-windows-ix86+x86_64 0.9.6 53.00 225.00 278.00 OK
r-oldrel-macos-x86_64 0.9.6 NOTE
r-oldrel-windows-ix86+x86_64 0.9.6 34.00 243.00 277.00 OK

Check Details

Version: 0.9.6
Check: data for non-ASCII characters
Result: NOTE
     Note: found 10089 marked Latin-1 strings
Flavors: r-devel-linux-x86_64-fedora-clang, r-devel-linux-x86_64-fedora-gcc, r-devel-windows-x86_64-gcc10-UCRT, r-patched-solaris-x86, r-release-macos-arm64, r-release-macos-x86_64, r-oldrel-macos-x86_64