Last updated on 2023-03-30 12:55:03 CEST.
Flavor | Version | Tinstall | Tcheck | Ttotal | Status | Flags |
---|---|---|---|---|---|---|
r-devel-linux-x86_64-debian-clang | 0.0-46 | 55.77 | 88.46 | 144.23 | NOTE | |
r-devel-linux-x86_64-debian-gcc | 0.0-46 | 42.50 | 57.75 | 100.25 | NOTE | |
r-devel-linux-x86_64-fedora-clang | 0.0-46 | 208.51 | NOTE | |||
r-devel-linux-x86_64-fedora-gcc | 0.0-46 | 182.22 | NOTE | |||
r-devel-windows-x86_64 | 0.0-46 | 86.00 | 0.00 | 86.00 | NOTE | |
r-patched-linux-x86_64 | 0.0-46 | 50.22 | 81.75 | 131.97 | NOTE | |
r-release-linux-x86_64 | 0.0-46 | 48.45 | 81.54 | 129.99 | NOTE | |
r-release-macos-arm64 | 0.0-46 | 65.00 | OK | |||
r-release-macos-x86_64 | 0.0-46 | 71.00 | OK | |||
r-release-windows-x86_64 | 0.0-46 | 76.00 | 152.00 | 228.00 | OK | |
r-oldrel-macos-arm64 | 0.0-46 | 58.00 | OK | |||
r-oldrel-macos-x86_64 | 0.0-46 | 87.00 | OK | |||
r-oldrel-windows-ix86+x86_64 | 0.0-46 | 141.00 | 194.00 | 335.00 | OK |
Version: 0.0-46
Check: package dependencies
Result: NOTE
Package suggested but not available for checking: ‘SoDA’
Flavors: r-devel-linux-x86_64-debian-clang, r-devel-linux-x86_64-debian-gcc, r-devel-linux-x86_64-fedora-clang, r-devel-linux-x86_64-fedora-gcc, r-patched-linux-x86_64, r-release-linux-x86_64
Version: 0.0-46
Check: C++ specification
Result: NOTE
Specified C++11: please drop specification unless essential
Flavors: r-devel-linux-x86_64-debian-clang, r-devel-linux-x86_64-debian-gcc, r-devel-linux-x86_64-fedora-clang, r-devel-linux-x86_64-fedora-gcc, r-devel-windows-x86_64, r-patched-linux-x86_64