CRAN Package Check Results for Package bestridge

Last updated on 2022-09-28 00:52:37 CEST.

Flavor Version Tinstall Tcheck Ttotal Status Flags
r-devel-linux-x86_64-debian-clang 1.0.7 361.98 95.30 457.28 OK
r-devel-linux-x86_64-debian-gcc 1.0.7 357.75 99.51 457.26 OK
r-devel-linux-x86_64-fedora-clang 1.0.7 608.40 OK
r-devel-linux-x86_64-fedora-gcc 1.0.7 798.41 OK
r-devel-windows-x86_64 1.0.7 256.00 173.00 429.00 OK
r-patched-linux-x86_64 1.0.7 390.41 121.65 512.06 OK
r-release-linux-x86_64 1.0.7 392.33 126.91 519.24 OK
r-release-macos-arm64 1.0.7 154.00 NOTE
r-release-macos-x86_64 1.0.7 197.00 NOTE
r-release-windows-x86_64 1.0.7 301.00 172.00 473.00 OK
r-oldrel-macos-arm64 1.0.7 157.00 NOTE
r-oldrel-macos-x86_64 1.0.7 269.00 NOTE
r-oldrel-windows-ix86+x86_64 1.0.7 966.00 207.00 1173.00 NOTE

Check Details

Version: 1.0.7
Check: installed package size
Result: NOTE
     installed size is 60.6Mb
     sub-directories of 1Mb or more:
     data 2.7Mb
     libs 57.3Mb
Flavors: r-release-macos-arm64, r-release-macos-x86_64, r-oldrel-macos-arm64, r-oldrel-macos-x86_64, r-oldrel-windows-ix86+x86_64