CRAN Package Check Results for Package beam

Last updated on 2021-09-18 13:53:30 CEST.

Flavor Version Tinstall Tcheck Ttotal Status Flags
r-devel-linux-x86_64-debian-clang 2.0.2 59.73 86.75 146.48 OK
r-devel-linux-x86_64-debian-gcc 2.0.2 43.10 65.30 108.40 OK
r-devel-linux-x86_64-fedora-clang 2.0.2 192.08 OK
r-devel-linux-x86_64-fedora-gcc 2.0.2 174.00 OK
r-devel-windows-x86_64 2.0.2 56.00 105.00 161.00 OK
r-devel-windows-x86_64-gcc10-UCRT 2.0.2 OK
r-patched-linux-x86_64 2.0.2 52.68 79.33 132.01 OK
r-patched-solaris-x86 2.0.2 213.00 OK
r-release-linux-x86_64 2.0.2 52.22 80.12 132.34 OK
r-release-macos-arm64 2.0.2 NOTE
r-release-macos-x86_64 2.0.2 NOTE
r-release-windows-ix86+x86_64 2.0.2 139.00 147.00 286.00 OK
r-oldrel-macos-x86_64 2.0.2 NOTE
r-oldrel-windows-ix86+x86_64 2.0.2 135.00 164.00 299.00 OK

Check Details

Version: 2.0.2
Check: installed package size
Result: NOTE
     installed size is 5.7Mb
     sub-directories of 1Mb or more:
     libs 5.0Mb
Flavors: r-release-macos-arm64, r-release-macos-x86_64, r-oldrel-macos-x86_64