Last updated on 2023-04-02 00:57:09 CEST.
Flavor | Version | Tinstall | Tcheck | Ttotal | Status | Flags |
---|---|---|---|---|---|---|
r-devel-linux-x86_64-debian-clang | 0.4.1 | 31.86 | 508.83 | 540.69 | OK | |
r-devel-linux-x86_64-debian-gcc | 0.4.1 | 24.79 | 380.07 | 404.86 | OK | |
r-devel-linux-x86_64-fedora-clang | 0.4.1 | 657.95 | NOTE | |||
r-devel-linux-x86_64-fedora-gcc | 0.4.1 | 695.84 | NOTE | |||
r-devel-windows-x86_64 | 0.4.1 | 45.00 | 541.00 | 586.00 | OK | |
r-patched-linux-x86_64 | 0.4.1 | 28.40 | 487.53 | 515.93 | OK | |
r-release-linux-x86_64 | 0.4.1 | 28.84 | 482.77 | 511.61 | OK | |
r-release-macos-arm64 | 0.4.1 | 152.00 | NOTE | |||
r-release-macos-x86_64 | 0.4.1 | 262.00 | OK | |||
r-release-windows-x86_64 | 0.4.1 | 123.00 | 515.00 | 638.00 | OK | |
r-oldrel-macos-arm64 | 0.4.1 | 149.00 | OK | |||
r-oldrel-macos-x86_64 | 0.4.1 | 198.00 | OK | |||
r-oldrel-windows-ix86+x86_64 | 0.4.1 | 70.00 | 508.00 | 578.00 | OK |
Version: 0.4.1
Check: package dependencies
Result: NOTE
Package suggested but not available for checking: ‘flowCore’
Flavors: r-devel-linux-x86_64-fedora-clang, r-devel-linux-x86_64-fedora-gcc, r-release-macos-arm64