CRAN Package Check Results for Package bdrc

Last updated on 2024-05-28 12:56:10 CEST.

Flavor Version Tinstall Tcheck Ttotal Status Flags
r-devel-linux-x86_64-debian-clang 1.1.0 9.73 169.49 179.22 NOTE
r-devel-linux-x86_64-debian-gcc 1.1.0 7.95 127.75 135.70 NOTE
r-devel-linux-x86_64-fedora-clang 1.1.0 232.55 NOTE
r-devel-linux-x86_64-fedora-gcc 1.1.0 236.46 NOTE
r-devel-windows-x86_64 1.1.0 12.00 410.00 422.00 NOTE
r-patched-linux-x86_64 1.1.0 13.73 164.60 178.33 NOTE
r-release-linux-x86_64 1.1.0 11.39 161.35 172.74 NOTE
r-release-macos-arm64 1.1.0 219.00 NOTE
r-release-windows-x86_64 1.1.0 10.00 409.00 419.00 NOTE
r-oldrel-macos-arm64 1.1.0 232.00 OK
r-oldrel-macos-x86_64 1.1.0 390.00 OK
r-oldrel-windows-x86_64 1.1.0 14.00 546.00 560.00 OK

Check Details

Version: 1.1.0
Check: Rd files
Result: NOTE checkRd: (-1) autoplot.plm0.Rd:61: Lost braces in \itemize; meant \describe ? checkRd: (-1) autoplot.plm0.Rd:62: Lost braces in \itemize; meant \describe ? checkRd: (-1) autoplot.plm0.Rd:63: Lost braces in \itemize; meant \describe ? checkRd: (-1) autoplot.plm0.Rd:64: Lost braces in \itemize; meant \describe ? checkRd: (-1) autoplot.plm0.Rd:65: Lost braces in \itemize; meant \describe ? checkRd: (-1) autoplot.plm0.Rd:66: Lost braces in \itemize; meant \describe ? checkRd: (-1) autoplot.plm0.Rd:67: Lost braces in \itemize; meant \describe ? checkRd: (-1) autoplot.plm0.Rd:68: Lost braces in \itemize; meant \describe ? checkRd: (-1) autoplot.tournament.Rd:16: Lost braces in \itemize; meant \describe ? checkRd: (-1) get_report.Rd:31: Lost braces in \itemize; meant \describe ? checkRd: (-1) get_report.Rd:32: Lost braces in \itemize; meant \describe ? checkRd: (-1) get_report_pages.Rd:29: Lost braces in \itemize; meant \describe ? checkRd: (-1) get_report_pages.Rd:30: Lost braces in \itemize; meant \describe ? checkRd: (-1) plot.plm0.Rd:61: Lost braces in \itemize; meant \describe ? checkRd: (-1) plot.plm0.Rd:62: Lost braces in \itemize; meant \describe ? checkRd: (-1) plot.plm0.Rd:63: Lost braces in \itemize; meant \describe ? checkRd: (-1) plot.plm0.Rd:64: Lost braces in \itemize; meant \describe ? checkRd: (-1) plot.plm0.Rd:65: Lost braces in \itemize; meant \describe ? checkRd: (-1) plot.plm0.Rd:66: Lost braces in \itemize; meant \describe ? checkRd: (-1) plot.plm0.Rd:67: Lost braces in \itemize; meant \describe ? checkRd: (-1) plot.plm0.Rd:68: Lost braces in \itemize; meant \describe ? checkRd: (-1) plot.plm0.Rd:69: Lost braces in \itemize; meant \describe ? checkRd: (-1) plot.tournament.Rd:16: Lost braces in \itemize; meant \describe ? checkRd: (-1) plot.tournament.Rd:17: Lost braces in \itemize; meant \describe ? checkRd: (-1) plot.tournament.Rd:18: Lost braces in \itemize; meant \describe ? checkRd: (-1) plot.tournament.Rd:19: Lost braces in \itemize; meant \describe ? checkRd: (-1) plot.tournament.Rd:20: Lost braces in \itemize; meant \describe ? checkRd: (-1) plot.tournament.Rd:21: Lost braces in \itemize; meant \describe ? checkRd: (-1) plot.tournament.Rd:22: Lost braces in \itemize; meant \describe ? checkRd: (-1) plot_fun.Rd:23: Lost braces in \itemize; meant \describe ? checkRd: (-1) plot_fun.Rd:24: Lost braces in \itemize; meant \describe ? checkRd: (-1) plot_fun.Rd:25: Lost braces in \itemize; meant \describe ? checkRd: (-1) plot_fun.Rd:26: Lost braces in \itemize; meant \describe ? checkRd: (-1) plot_fun.Rd:27: Lost braces in \itemize; meant \describe ? checkRd: (-1) plot_fun.Rd:28: Lost braces in \itemize; meant \describe ? checkRd: (-1) plot_fun.Rd:29: Lost braces in \itemize; meant \describe ? checkRd: (-1) plot_fun.Rd:30: Lost braces in \itemize; meant \describe ? checkRd: (-1) plot_fun.Rd:31: Lost braces in \itemize; meant \describe ? Flavors: r-devel-linux-x86_64-debian-clang, r-devel-linux-x86_64-debian-gcc, r-devel-linux-x86_64-fedora-clang, r-devel-linux-x86_64-fedora-gcc, r-devel-windows-x86_64, r-patched-linux-x86_64, r-release-linux-x86_64, r-release-macos-arm64, r-release-windows-x86_64