CRAN Package Check Results for Package bdpopt

Last updated on 2021-09-20 01:48:28 CEST.

Flavor Version Tinstall Tcheck Ttotal Status Flags
r-devel-linux-x86_64-debian-clang 1.0-1 4.07 34.59 38.66 NOTE
r-devel-linux-x86_64-debian-gcc 1.0-1 2.78 26.65 29.43 NOTE
r-devel-linux-x86_64-fedora-clang 1.0-1 54.81 NOTE
r-devel-linux-x86_64-fedora-gcc 1.0-1 43.26 NOTE
r-devel-windows-x86_64 1.0-1 5.00 36.00 41.00 NOTE
r-devel-windows-x86_64-gcc10-UCRT 1.0-1 ERROR
r-patched-linux-x86_64 1.0-1 3.82 33.21 37.03 NOTE
r-patched-solaris-x86 1.0-1 65.90 NOTE
r-release-linux-x86_64 1.0-1 3.77 33.44 37.21 NOTE
r-release-macos-arm64 1.0-1 NOTE
r-release-macos-x86_64 1.0-1 NOTE
r-release-windows-ix86+x86_64 1.0-1 6.00 37.00 43.00 NOTE
r-oldrel-macos-x86_64 1.0-1 OK
r-oldrel-windows-ix86+x86_64 1.0-1 7.00 35.00 42.00 OK

Check Details

Version: 1.0-1
Check: LazyData
Result: NOTE
     'LazyData' is specified without a 'data' directory
Flavors: r-devel-linux-x86_64-debian-clang, r-devel-linux-x86_64-debian-gcc, r-devel-linux-x86_64-fedora-clang, r-devel-linux-x86_64-fedora-gcc, r-devel-windows-x86_64, r-devel-windows-x86_64-gcc10-UCRT, r-patched-linux-x86_64, r-patched-solaris-x86, r-release-linux-x86_64, r-release-macos-arm64, r-release-macos-x86_64, r-release-windows-ix86+x86_64

Version: 1.0-1
Check: whether package can be installed
Result: WARN
    Found the following significant warnings:
     WARNING: installation-time patches will not be applied, could not get the patches index
Flavor: r-devel-windows-x86_64-gcc10-UCRT

Version: 1.0-1
Check: PDF version of manual
Result: WARN
    LaTeX errors when creating PDF version.
    This typically indicates Rd problems.
Flavor: r-devel-windows-x86_64-gcc10-UCRT

Version: 1.0-1
Check: PDF version of manual without hyperrefs or index
Result: ERROR
    Re-running with no redirection of stdout/stderr.
Flavor: r-devel-windows-x86_64-gcc10-UCRT