CRAN Package Check Results for Package bdchecks

Last updated on 2021-06-18 13:51:38 CEST.

Flavor Version Tinstall Tcheck Ttotal Status Flags
r-devel-linux-x86_64-debian-clang 0.1.7 12.44 100.44 112.88 OK
r-devel-linux-x86_64-debian-gcc 0.1.7 9.33 75.22 84.55 OK
r-devel-linux-x86_64-fedora-clang 0.1.7 141.85 NOTE
r-devel-linux-x86_64-fedora-gcc 0.1.7 129.80 NOTE
r-devel-windows-x86_64 0.1.7 25.00 138.00 163.00 OK
r-devel-windows-x86_64-gcc10-UCRT 0.1.7 NOTE
r-patched-linux-x86_64 0.1.7 12.70 93.80 106.50 OK
r-patched-solaris-x86 0.1.7 189.80 NOTE
r-release-linux-x86_64 0.1.7 10.69 93.29 103.98 OK
r-release-macos-arm64 0.1.7 NOTE
r-release-macos-x86_64 0.1.7 NOTE
r-release-windows-ix86+x86_64 0.1.7 33.00 139.00 172.00 OK
r-oldrel-macos-x86_64 0.1.7 NOTE
r-oldrel-windows-ix86+x86_64 0.1.7 28.00 142.00 170.00 OK

Check Details

Version: 0.1.7
Check: data for non-ASCII characters
Result: NOTE
     Note: found 72 marked UTF-8 strings
Flavors: r-devel-linux-x86_64-fedora-clang, r-devel-linux-x86_64-fedora-gcc, r-devel-windows-x86_64-gcc10-UCRT, r-patched-solaris-x86, r-release-macos-arm64, r-release-macos-x86_64, r-oldrel-macos-x86_64