Last updated on 2022-05-20 06:50:51 CEST.
Flavor | Version | Tinstall | Tcheck | Ttotal | Status | Flags |
---|---|---|---|---|---|---|
r-devel-linux-x86_64-debian-clang | 0.1.15 | 5.77 | 61.18 | 66.95 | NOTE | |
r-devel-linux-x86_64-debian-gcc | 0.1.15 | 4.72 | 46.69 | 51.41 | NOTE | |
r-devel-linux-x86_64-fedora-clang | 0.1.15 | 80.85 | NOTE | |||
r-devel-linux-x86_64-fedora-gcc | 0.1.15 | 78.14 | NOTE | |||
r-devel-windows-x86_64 | 0.1.15 | 16.00 | 76.00 | 92.00 | NOTE | |
r-patched-linux-x86_64 | 0.1.15 | 5.07 | 57.04 | 62.11 | NOTE | |
r-release-linux-x86_64 | 0.1.15 | 6.17 | 58.64 | 64.81 | NOTE | |
r-release-macos-arm64 | 0.1.15 | 20.00 | NOTE | |||
r-release-macos-x86_64 | 0.1.15 | 43.00 | NOTE | |||
r-release-windows-x86_64 | 0.1.15 | 15.00 | 76.00 | 91.00 | NOTE | |
r-oldrel-macos-arm64 | 0.1.15 | 31.00 | NOTE | |||
r-oldrel-macos-x86_64 | 0.1.15 | 42.00 | NOTE | |||
r-oldrel-windows-ix86+x86_64 | 0.1.15 | 16.00 | 74.00 | 90.00 | NOTE |
Version: 0.1.15
Check: LazyData
Result: NOTE
'LazyData' is specified without a 'data' directory
Flavors: r-devel-linux-x86_64-debian-clang, r-devel-linux-x86_64-debian-gcc, r-devel-linux-x86_64-fedora-clang, r-devel-linux-x86_64-fedora-gcc, r-devel-windows-x86_64, r-patched-linux-x86_64, r-release-linux-x86_64, r-release-macos-arm64, r-release-macos-x86_64, r-release-windows-x86_64, r-oldrel-macos-arm64, r-oldrel-macos-x86_64, r-oldrel-windows-ix86+x86_64