CRAN Package Check Results for Package bcrm

Last updated on 2021-09-18 13:53:30 CEST.

Flavor Version Tinstall Tcheck Ttotal Status Flags
r-devel-linux-x86_64-debian-clang 0.5.4 7.84 63.10 70.94 OK
r-devel-linux-x86_64-debian-gcc 0.5.4 6.37 46.42 52.79 OK
r-devel-linux-x86_64-fedora-clang 0.5.4 92.25 NOTE
r-devel-linux-x86_64-fedora-gcc 0.5.4 77.98 NOTE
r-devel-windows-x86_64 0.5.4 10.00 71.00 81.00 OK
r-devel-windows-x86_64-gcc10-UCRT 0.5.4 NOTE
r-patched-linux-x86_64 0.5.4 8.49 58.89 67.38 OK
r-patched-solaris-x86 0.5.4 109.40 NOTE
r-release-linux-x86_64 0.5.4 7.43 58.75 66.18 OK
r-release-macos-arm64 0.5.4 NOTE
r-release-macos-x86_64 0.5.4 NOTE
r-release-windows-ix86+x86_64 0.5.4 17.00 60.00 77.00 OK
r-oldrel-macos-x86_64 0.5.4 NOTE
r-oldrel-windows-ix86+x86_64 0.5.4 18.00 79.00 97.00 OK

Check Details

Version: 0.5.4
Check: dependencies in R code
Result: NOTE
    Namespaces in Imports field not imported from:
     ‘knitr’ ‘rlang’
     All declared Imports should be used.
Flavors: r-devel-linux-x86_64-fedora-clang, r-devel-linux-x86_64-fedora-gcc, r-devel-windows-x86_64-gcc10-UCRT, r-patched-solaris-x86, r-release-macos-arm64, r-release-macos-x86_64, r-oldrel-macos-x86_64

Version: 0.5.4
Check: package dependencies
Result: NOTE
    Package suggested but not available for checking: 'BRugs'
Flavors: r-devel-windows-x86_64-gcc10-UCRT, r-patched-solaris-x86, r-release-macos-x86_64, r-oldrel-macos-x86_64

Version: 0.5.4
Check: package dependencies
Result: NOTE
    Packages suggested but not available for checking: 'BRugs', 'rjags'
Flavor: r-release-macos-arm64