CRAN Package Check Results for Package bcpa

Last updated on 2024-02-29 00:55:34 CET.

Flavor Version Tinstall Tcheck Ttotal Status Flags
r-devel-linux-x86_64-debian-clang 1.3.2 26.33 77.64 103.97 NOTE
r-devel-linux-x86_64-debian-gcc 1.3.2 15.09 57.35 72.44 NOTE
r-devel-linux-x86_64-fedora-clang 1.3.2 132.50 NOTE
r-devel-linux-x86_64-fedora-gcc 1.3.2 147.16 NOTE
r-devel-windows-x86_64 1.3.2 19.00 111.00 130.00 OK
r-patched-linux-x86_64 1.3.2 21.70 80.62 102.32 OK
r-release-linux-x86_64 1.3.2 21.48 78.95 100.43 OK
r-release-macos-arm64 1.3.2 45.00 OK
r-release-macos-x86_64 1.3.2 76.00 OK
r-release-windows-x86_64 1.3.2 23.00 125.00 148.00 OK
r-oldrel-macos-arm64 1.3.2 45.00 OK
r-oldrel-windows-x86_64 1.3.2 22.00 129.00 151.00 OK

Check Details

Version: 1.3.2
Check: Rd files
Result: NOTE checkRd: (-1) WindowSweep.Rd:32: Lost braces 32 | `code{\link{GetVT}}`. Otherwise, any column (e.g. \code{"Depth"}) in the | ^ checkRd: (-1) WindowSweep.Rd:36: Lost braces 36 | \code{T.mid} from the output of the `code{\link{GetVT}}`.} | ^ Flavors: r-devel-linux-x86_64-debian-clang, r-devel-linux-x86_64-debian-gcc, r-devel-linux-x86_64-fedora-clang, r-devel-linux-x86_64-fedora-gcc