CRAN Package Check Results for Package bcmaps

Last updated on 2024-06-14 00:53:35 CEST.

Flavor Version Tinstall Tcheck Ttotal Status Flags
r-devel-linux-x86_64-debian-clang 2.2.0 8.05 103.38 111.43 OK
r-devel-linux-x86_64-debian-gcc 2.2.0 0.88 1.90 2.78 ERROR
r-devel-linux-x86_64-fedora-clang 2.2.0 135.40 OK
r-devel-linux-x86_64-fedora-gcc 2.2.0 138.86 OK
r-devel-windows-x86_64 2.2.0 9.00 99.00 108.00 OK
r-patched-linux-x86_64 2.2.0 12.13 97.42 109.55 OK
r-release-linux-x86_64 2.2.0 5.19 96.01 101.20 OK
r-release-macos-arm64 2.2.0 47.00 OK
r-release-macos-x86_64 2.2.0 79.00 OK
r-release-windows-x86_64 2.2.0 9.00 99.00 108.00 OK
r-oldrel-macos-arm64 2.2.0 56.00 OK
r-oldrel-macos-x86_64 2.2.0 97.00 OK
r-oldrel-windows-x86_64 2.2.0 11.00 119.00 130.00 OK

Check Details

Version: 2.2.0
Check: package dependencies
Result: ERROR Packages required but not available: 'bcdata', 'progress' Packages suggested but not available for checking: 'ggplot2', 'testthat' See section ‘The DESCRIPTION file’ in the ‘Writing R Extensions’ manual. Flavor: r-devel-linux-x86_64-debian-gcc