CRAN Package Check Results for Package bcROCsurface

Last updated on 2023-03-31 06:49:38 CEST.

Flavor Version Tinstall Tcheck Ttotal Status Flags
r-devel-linux-x86_64-debian-clang 1.0-5 44.13 102.56 146.69 OK
r-devel-linux-x86_64-debian-gcc 1.0-5 35.25 79.11 114.36 OK
r-devel-linux-x86_64-fedora-clang 1.0-5 186.94 OK
r-devel-linux-x86_64-fedora-gcc 1.0-5 185.53 OK
r-devel-windows-x86_64 1.0-5 67.00 147.00 214.00 OK
r-patched-linux-x86_64 1.0-5 36.64 95.19 131.83 OK
r-release-linux-x86_64 1.0-5 36.26 100.46 136.72 OK
r-release-macos-arm64 1.0-5 69.00 NOTE
r-release-macos-x86_64 1.0-5 82.00 NOTE
r-release-windows-x86_64 1.0-5 76.00 149.00 225.00 OK
r-oldrel-macos-arm64 1.0-5 48.00 NOTE
r-oldrel-macos-x86_64 1.0-5 50.00 NOTE
r-oldrel-windows-ix86+x86_64 1.0-5 109.00 160.00 269.00 OK

Check Details

Version: 1.0-5
Check: package dependencies
Result: NOTE
    Package suggested but not available for checking: ‘webshot2’
Flavors: r-release-macos-arm64, r-release-macos-x86_64, r-oldrel-macos-arm64, r-oldrel-macos-x86_64