Last updated on 2023-03-23 06:52:15 CET.
Flavor | Version | Tinstall | Tcheck | Ttotal | Status | Flags |
---|---|---|---|---|---|---|
r-devel-linux-x86_64-debian-clang | 0.1.0 | 11.73 | 110.94 | 122.67 | OK | |
r-devel-linux-x86_64-debian-gcc | 0.1.0 | 11.28 | 84.75 | 96.03 | OK | |
r-devel-linux-x86_64-fedora-clang | 0.1.0 | 168.36 | NOTE | |||
r-devel-linux-x86_64-fedora-gcc | 0.1.0 | 161.97 | NOTE | |||
r-devel-windows-x86_64 | 0.1.0 | 36.00 | 136.00 | 172.00 | OK | |
r-patched-linux-x86_64 | 0.1.0 | 13.41 | 107.16 | 120.57 | OK | |
r-release-linux-x86_64 | 0.1.0 | 11.80 | 106.21 | 118.01 | OK | |
r-release-macos-arm64 | 0.1.0 | 53.00 | NOTE | |||
r-release-macos-x86_64 | 0.1.0 | 88.00 | NOTE | |||
r-release-windows-x86_64 | 0.1.0 | 52.00 | 134.00 | 186.00 | OK | |
r-oldrel-macos-arm64 | 0.1.0 | 64.00 | NOTE | |||
r-oldrel-macos-x86_64 | 0.1.0 | 70.00 | NOTE | |||
r-oldrel-windows-ix86+x86_64 | 0.1.0 | 30.00 | 134.00 | 164.00 | OK |
Version: 0.1.0
Check: dependencies in R code
Result: NOTE
Namespaces in Imports field not imported from:
‘ggfortify’ ‘ggplot2’ ‘matrixStats’ ‘reshape2’ ‘scales’
All declared Imports should be used.
Flavors: r-devel-linux-x86_64-fedora-clang, r-devel-linux-x86_64-fedora-gcc, r-release-macos-arm64, r-release-macos-x86_64, r-oldrel-macos-arm64, r-oldrel-macos-x86_64