Last updated on 2023-03-23 06:52:15 CET.
Flavor | Version | Tinstall | Tcheck | Ttotal | Status | Flags |
---|---|---|---|---|---|---|
r-devel-linux-x86_64-debian-clang | 0.9.2 | 4.45 | 98.70 | 103.15 | WARN | |
r-devel-linux-x86_64-debian-gcc | 0.9.2 | 3.59 | 73.73 | 77.32 | WARN | |
r-devel-linux-x86_64-fedora-clang | 0.9.2 | 128.49 | WARN | |||
r-devel-linux-x86_64-fedora-gcc | 0.9.2 | 136.65 | WARN | |||
r-devel-windows-x86_64 | 0.9.2 | 61.00 | 136.00 | 197.00 | WARN | |
r-patched-linux-x86_64 | 0.9.2 | 3.94 | 94.87 | 98.81 | OK | |
r-release-linux-x86_64 | 0.9.2 | 4.12 | 96.10 | 100.22 | OK | |
r-release-macos-arm64 | 0.9.2 | 50.00 | OK | |||
r-release-macos-x86_64 | 0.9.2 | 87.00 | OK | |||
r-release-windows-x86_64 | 0.9.2 | 74.00 | 130.00 | 204.00 | OK | |
r-oldrel-macos-arm64 | 0.9.2 | 79.00 | OK | |||
r-oldrel-macos-x86_64 | 0.9.2 | 59.00 | OK | |||
r-oldrel-windows-ix86+x86_64 | 0.9.2 | 8.00 | 132.00 | 140.00 | OK |
Version: 0.9.2
Check: S3 generic/method consistency
Result: WARN
plot:
function(x)
plot.posterior:
function(x, add_prior, ...)
plot:
function(x)
plot.posterior:
function(x, add_prior, ...)
See section ‘Generic functions and methods’ in the ‘Writing R
Extensions’ manual.
Flavors: r-devel-linux-x86_64-debian-clang, r-devel-linux-x86_64-debian-gcc, r-devel-linux-x86_64-fedora-clang, r-devel-linux-x86_64-fedora-gcc, r-devel-windows-x86_64