CRAN Package Check Results for Package bayesmove

Last updated on 2024-02-22 21:51:34 CET.

Flavor Version Tinstall Tcheck Ttotal Status Flags
r-devel-linux-x86_64-debian-clang 0.2.1 NOTE
r-devel-linux-x86_64-debian-gcc 0.2.1 42.11 90.86 132.97 NOTE
r-devel-linux-x86_64-fedora-clang 0.2.1 255.85 NOTE
r-devel-linux-x86_64-fedora-gcc 0.2.1 246.66 NOTE
r-devel-windows-x86_64 0.2.1 44.00 137.00 181.00 OK
r-patched-linux-x86_64 0.2.1 51.98 118.84 170.82 OK
r-release-linux-x86_64 0.2.1 49.77 121.19 170.96 OK
r-release-macos-arm64 0.2.1 68.00 OK
r-release-macos-x86_64 0.2.1 107.00 OK
r-release-windows-x86_64 0.2.1 56.00 165.00 221.00 OK
r-oldrel-macos-arm64 0.2.1 60.00 OK
r-oldrel-windows-x86_64 0.2.1 57.00 155.00 212.00 OK

Check Details

Version: 0.2.1
Check: Rd files
Result: NOTE checkRd: (-1) insert_NAs.Rd:22: Lost braces; missing escapes or markup? 22 | A data frame where new rows have been inserted to regularize the \code{date} column. This results in values provided for \code{id}, \code{date}, and {dt} while inserting NAs for all other columns. Additionally, observations with duplicate date-times are removed. | ^ Flavors: r-devel-linux-x86_64-debian-clang, r-devel-linux-x86_64-debian-gcc, r-devel-linux-x86_64-fedora-clang, r-devel-linux-x86_64-fedora-gcc