CRAN Package Check Results for Package bayeslm

Last updated on 2024-02-21 12:52:53 CET.

Flavor Version Tinstall Tcheck Ttotal Status Flags
r-devel-linux-x86_64-debian-clang 1.0.1 NOTE
r-devel-linux-x86_64-debian-gcc 1.0.1 183.36 42.61 225.97 NOTE
r-devel-linux-x86_64-fedora-clang 1.0.1 416.02 NOTE
r-devel-linux-x86_64-fedora-gcc 1.0.1 451.67 NOTE
r-devel-windows-x86_64 1.0.1 187.00 100.00 287.00 NOTE
r-patched-linux-x86_64 1.0.1 222.55 55.55 278.10 NOTE
r-release-linux-x86_64 1.0.1 210.74 53.07 263.81 NOTE
r-release-macos-arm64 1.0.1 107.00 NOTE
r-release-macos-x86_64 1.0.1 216.00 NOTE
r-release-windows-x86_64 1.0.1 235.00 122.00 357.00 NOTE
r-oldrel-macos-arm64 1.0.1 91.00 NOTE
r-oldrel-windows-x86_64 1.0.1 221.00 123.00 344.00 NOTE

Check Details

Version: 1.0.1
Check: C++ specification
Result: NOTE Specified C++11: please drop specification unless essential Flavors: r-devel-linux-x86_64-debian-clang, r-devel-linux-x86_64-debian-gcc, r-devel-linux-x86_64-fedora-clang, r-devel-linux-x86_64-fedora-gcc, r-devel-windows-x86_64, r-patched-linux-x86_64, r-release-linux-x86_64, r-release-macos-arm64, r-release-macos-x86_64, r-release-windows-x86_64

Version: 1.0.1
Check: Rd files
Result: NOTE checkRd: (-1) predict.bayeslm.fit.Rd:18: Lost braces; missing escapes or markup? 18 | \item{X }{ If call \code{bayeslm} with matrices input \code{x} and {y} but not formula, pass new matrix to predict here. See example for details.} | ^ Flavors: r-devel-linux-x86_64-debian-clang, r-devel-linux-x86_64-debian-gcc

Version: 1.0.1
Check: for GNU extensions in Makefiles
Result: NOTE GNU make is a SystemRequirements. Flavors: r-devel-linux-x86_64-debian-clang, r-devel-linux-x86_64-debian-gcc, r-devel-linux-x86_64-fedora-clang, r-devel-linux-x86_64-fedora-gcc, r-devel-windows-x86_64, r-patched-linux-x86_64, r-release-linux-x86_64, r-release-macos-arm64, r-release-macos-x86_64, r-release-windows-x86_64, r-oldrel-macos-arm64, r-oldrel-windows-x86_64

Version: 1.0.1
Check: installed package size
Result: NOTE installed size is 8.7Mb sub-directories of 1Mb or more: libs 8.5Mb Flavors: r-release-macos-arm64, r-release-macos-x86_64, r-oldrel-macos-arm64