CRAN Package Check Results for Package bayescount

Last updated on 2021-09-19 13:48:55 CEST.

Flavor Version Tinstall Tcheck Ttotal Status Flags
r-devel-linux-x86_64-debian-clang 0.9.99-5 15.24 73.51 88.75 NOTE
r-devel-linux-x86_64-debian-gcc 0.9.99-5 12.90 53.94 66.84 NOTE
r-devel-linux-x86_64-fedora-clang 0.9.99-5 116.17 NOTE
r-devel-linux-x86_64-fedora-gcc 0.9.99-5 108.24 NOTE
r-devel-windows-x86_64 0.9.99-5 20.00 74.00 94.00 NOTE
r-devel-windows-x86_64-gcc10-UCRT 0.9.99-5 ERROR
r-patched-linux-x86_64 0.9.99-5 14.97 69.87 84.84 NOTE
r-patched-solaris-x86 0.9.99-5 125.50 NOTE
r-release-linux-x86_64 0.9.99-5 13.52 69.70 83.22 NOTE
r-release-macos-arm64 0.9.99-5 NOTE
r-release-macos-x86_64 0.9.99-5 NOTE
r-release-windows-ix86+x86_64 0.9.99-5 26.00 93.00 119.00 NOTE
r-oldrel-macos-x86_64 0.9.99-5 NOTE
r-oldrel-windows-ix86+x86_64 0.9.99-5 27.00 70.00 97.00 NOTE

Check Details

Version: 0.9.99-5
Check: R code for possible problems
Result: NOTE
    FECRT: no visible global function definition for 'pdf'
    FECRT: no visible global function definition for 'hist'
    FECRT: no visible global function definition for 'abline'
    FECRT: no visible global function definition for 'dev.off'
    FECRT.analysis: no visible global function definition for 'pdf'
    FECRT.analysis: no visible global function definition for 'hist'
    FECRT.analysis: no visible global function definition for 'abline'
    FECRT.analysis: no visible global function definition for 'dev.off'
    fecrt: no visible global function definition for 'pdf'
    fecrt: no visible global function definition for 'hist'
    fecrt: no visible global function definition for 'abline'
    fecrt: no visible global function definition for 'dev.off'
    fecrt.analysis: no visible global function definition for 'pdf'
    fecrt.analysis: no visible global function definition for 'hist'
    fecrt.analysis: no visible global function definition for 'abline'
    fecrt.analysis: no visible global function definition for 'dev.off'
    Undefined global functions or variables:
     abline dev.off hist pdf
    Consider adding
     importFrom("grDevices", "dev.off", "pdf")
     importFrom("graphics", "abline", "hist")
    to your NAMESPACE file.
Flavors: r-devel-linux-x86_64-debian-clang, r-devel-linux-x86_64-debian-gcc, r-devel-linux-x86_64-fedora-clang, r-devel-linux-x86_64-fedora-gcc, r-devel-windows-x86_64, r-patched-linux-x86_64, r-patched-solaris-x86, r-release-linux-x86_64, r-release-macos-arm64, r-release-macos-x86_64, r-release-windows-ix86+x86_64, r-oldrel-macos-x86_64, r-oldrel-windows-ix86+x86_64

Version: 0.9.99-5
Check: compiled code
Result: NOTE
    File ‘bayescount/libs/bayescount.so’:
     Found no calls to: ‘R_registerRoutines’, ‘R_useDynamicSymbols’
    
    It is good practice to register native routines and to disable symbol
    search.
    
    See ‘Writing portable packages’ in the ‘Writing R Extensions’ manual.
Flavors: r-devel-linux-x86_64-fedora-clang, r-devel-linux-x86_64-fedora-gcc

Version: 0.9.99-5
Check: whether package can be installed
Result: ERROR
    Installation failed.
Flavor: r-devel-windows-x86_64-gcc10-UCRT