CRAN Package Check Results for Package bayesZIB

Last updated on 2024-02-21 12:52:53 CET.

Flavor Version Tinstall Tcheck Ttotal Status Flags
r-devel-linux-x86_64-debian-clang 0.0.5 NOTE
r-devel-linux-x86_64-debian-gcc 0.0.5 134.30 100.38 234.68 NOTE
r-devel-linux-x86_64-fedora-clang 0.0.5 363.40 NOTE
r-devel-linux-x86_64-fedora-gcc 0.0.5 406.65 NOTE
r-devel-windows-x86_64 0.0.5 119.00 128.00 247.00 NOTE
r-patched-linux-x86_64 0.0.5 119.60 130.23 249.83 NOTE
r-release-linux-x86_64 0.0.5 124.48 133.16 257.64 NOTE
r-release-macos-arm64 0.0.5 159.00 NOTE
r-release-macos-x86_64 0.0.5 373.00 NOTE
r-release-windows-x86_64 0.0.5 151.00 152.00 303.00 NOTE
r-oldrel-macos-arm64 0.0.5 147.00 NOTE
r-oldrel-windows-x86_64 0.0.5 134.00 149.00 283.00 NOTE

Check Details

Version: 0.0.5
Check: for GNU extensions in Makefiles
Result: NOTE GNU make is a SystemRequirements. Flavors: r-devel-linux-x86_64-debian-clang, r-devel-linux-x86_64-debian-gcc, r-devel-linux-x86_64-fedora-clang, r-devel-linux-x86_64-fedora-gcc, r-devel-windows-x86_64, r-patched-linux-x86_64, r-release-linux-x86_64, r-release-macos-arm64, r-release-macos-x86_64, r-release-windows-x86_64, r-oldrel-macos-arm64, r-oldrel-windows-x86_64

Version: 0.0.5
Check: installed package size
Result: NOTE installed size is 32.0Mb sub-directories of 1Mb or more: libs 31.8Mb Flavors: r-release-macos-arm64, r-release-macos-x86_64, r-oldrel-macos-arm64