CRAN Package Check Results for Package bayesQR

Last updated on 2021-11-26 19:52:43 CET.

Flavor Version Tinstall Tcheck Ttotal Status Flags
r-devel-linux-x86_64-debian-clang 2.3 5.56 31.86 37.42 OK
r-devel-linux-x86_64-debian-gcc 2.3 4.12 24.89 29.01 OK
r-devel-linux-x86_64-fedora-clang 2.3 57.65 NOTE
r-devel-linux-x86_64-fedora-gcc 2.3 45.70 NOTE
r-devel-windows-x86_64-new-UL 2.3 15.00 70.00 85.00 OK
r-devel-windows-x86_64-new-TK 2.3 OK
r-devel-windows-x86_64-old 2.3 9.00 56.00 65.00 OK
r-patched-linux-x86_64 2.3 5.35 30.72 36.07 OK
r-patched-solaris-x86 2.3 74.60 OK
r-release-linux-x86_64 2.3 OK
r-release-macos-arm64 2.3 OK
r-release-macos-x86_64 2.3 OK
r-release-windows-ix86+x86_64 2.3 13.00 68.00 81.00 OK
r-oldrel-macos-x86_64 2.3 OK
r-oldrel-windows-ix86+x86_64 2.3 12.00 66.00 78.00 OK

Check Details

Version: 2.3
Check: compiled code
Result: NOTE
    File ‘bayesQR/libs/bayesQR.so’:
     Found no calls to: ‘R_registerRoutines’, ‘R_useDynamicSymbols’
    
    It is good practice to register native routines and to disable symbol
    search.
    
    See ‘Writing portable packages’ in the ‘Writing R Extensions’ manual.
Flavors: r-devel-linux-x86_64-fedora-clang, r-devel-linux-x86_64-fedora-gcc